CRAN Package Check Results for Package clinUtils

Last updated on 2021-10-26 09:09:20 CEST.

Flavor Version Tinstall Tcheck Ttotal Status Flags
r-devel-linux-x86_64-debian-clang 0.1.0 7.76 98.40 106.16 OK
r-devel-linux-x86_64-debian-gcc 0.1.0 5.47 71.38 76.85 OK
r-devel-linux-x86_64-fedora-clang 0.1.0 134.56 NOTE
r-devel-linux-x86_64-fedora-gcc 0.1.0 120.14 OK
r-devel-windows-x86_64 0.1.0 12.00 189.00 201.00 NOTE
r-devel-windows-x86_64-gcc10-UCRT 0.1.0 OK
r-patched-linux-x86_64 0.1.0 13.95 90.73 104.68 OK
r-patched-solaris-x86 0.1.0 137.70 NOTE
r-release-linux-x86_64 0.1.0 6.78 90.74 97.52 OK
r-release-macos-arm64 0.1.0 NOTE
r-release-macos-x86_64 0.1.0 NOTE
r-release-windows-ix86+x86_64 0.1.0 12.00 187.00 199.00 NOTE
r-oldrel-macos-x86_64 0.1.0 NOTE
r-oldrel-windows-ix86+x86_64 0.1.0 16.00 192.00 208.00 NOTE

Check Details

Version: 0.1.0
Check: installed package size
Result: NOTE
     installed size is 6.4Mb
     sub-directories of 1Mb or more:
     doc 5.3Mb
Flavors: r-devel-linux-x86_64-fedora-clang, r-devel-windows-x86_64, r-patched-solaris-x86, r-release-macos-arm64, r-release-macos-x86_64, r-release-windows-ix86+x86_64, r-oldrel-macos-x86_64, r-oldrel-windows-ix86+x86_64