CRAN Package Check Results for Package clipr

Last updated on 2021-12-05 07:49:06 CET.

Flavor Version Tinstall Tcheck Ttotal Status Flags
r-devel-linux-x86_64-debian-clang 0.7.1 2.01 31.61 33.62 NOTE
r-devel-linux-x86_64-debian-gcc 0.7.1 1.65 25.67 27.32 NOTE
r-devel-linux-x86_64-fedora-clang 0.7.1 43.84 NOTE
r-devel-linux-x86_64-fedora-gcc 0.7.1 32.54 NOTE
r-devel-windows-x86_64-new-UL 0.7.1 10.00 62.00 72.00 NOTE
r-devel-windows-x86_64-new-TK 0.7.1 NOTE
r-devel-windows-x86_64-old 0.7.1 4.00 32.00 36.00 NOTE
r-patched-linux-x86_64 0.7.1 2.25 22.82 25.07 NOTE
r-release-linux-x86_64 0.7.1 1.74 30.52 32.26 NOTE
r-release-macos-arm64 0.7.1 NOTE
r-release-macos-x86_64 0.7.1 NOTE
r-release-windows-ix86+x86_64 0.7.1 6.00 43.00 49.00 NOTE
r-oldrel-macos-x86_64 0.7.1 OK
r-oldrel-windows-ix86+x86_64 0.7.1 20.00 44.00 64.00 OK

Check Details

Version: 0.7.1
Check: LazyData
Result: NOTE
     'LazyData' is specified without a 'data' directory
Flavors: r-devel-linux-x86_64-debian-clang, r-devel-linux-x86_64-debian-gcc, r-devel-linux-x86_64-fedora-clang, r-devel-linux-x86_64-fedora-gcc, r-devel-windows-x86_64-new-UL, r-devel-windows-x86_64-new-TK, r-devel-windows-x86_64-old, r-patched-linux-x86_64, r-release-linux-x86_64, r-release-macos-arm64, r-release-macos-x86_64, r-release-windows-ix86+x86_64