Last updated on 2023-12-06 11:52:20 CET.
Flavor | Version | Tinstall | Tcheck | Ttotal | Status | Flags |
---|---|---|---|---|---|---|
r-devel-linux-x86_64-debian-clang | 0.3-65 | 10.26 | 86.25 | 96.51 | OK | |
r-devel-linux-x86_64-debian-gcc | 0.3-65 | 6.96 | 65.57 | 72.53 | OK | |
r-devel-linux-x86_64-fedora-clang | 0.3-65 | 122.34 | NOTE | |||
r-devel-linux-x86_64-fedora-gcc | 0.3-65 | 131.15 | OK | |||
r-devel-windows-x86_64 | 0.3-65 | 15.00 | 113.00 | 128.00 | OK | |
r-patched-linux-x86_64 | 0.3-65 | 11.32 | 83.15 | 94.47 | OK | |
r-release-linux-x86_64 | 0.3-65 | 11.62 | 83.22 | 94.84 | OK | |
r-release-macos-arm64 | 0.3-65 | 63.00 | OK | |||
r-release-macos-x86_64 | 0.3-65 | 154.00 | OK | |||
r-release-windows-x86_64 | 0.3-65 | 13.00 | 120.00 | 133.00 | OK | |
r-oldrel-macos-arm64 | 0.3-65 | 58.00 | OK | |||
r-oldrel-macos-x86_64 | 0.3-65 | 92.00 | OK | |||
r-oldrel-windows-x86_64 | 0.3-65 | 17.00 | 125.00 | 142.00 | OK |
Version: 0.3-65
Check: Rd cross-references
Result: NOTE
Undeclared packages ‘mlbench’, ‘fpc’ in Rd xrefs
Flavor: r-devel-linux-x86_64-fedora-clang