CRAN Package Check Results for Package clustMixType

Last updated on 2021-09-19 04:52:51 CEST.

Flavor Version Tinstall Tcheck Ttotal Status Flags
r-devel-linux-x86_64-debian-clang 0.2-15 6.13 247.59 253.72 OK
r-devel-linux-x86_64-debian-gcc 0.2-15 4.19 165.10 169.29 OK
r-devel-linux-x86_64-fedora-clang 0.2-15 280.20 OK
r-devel-linux-x86_64-fedora-gcc 0.2-15 275.53 OK
r-devel-windows-x86_64 0.2-15 8.00 278.00 286.00 OK
r-devel-windows-x86_64-gcc10-UCRT 0.2-15 ERROR
r-patched-linux-x86_64 0.2-15 4.63 223.67 228.30 OK
r-patched-solaris-x86 0.2-15 315.40 OK
r-release-linux-x86_64 0.2-15 5.52 222.94 228.46 OK
r-release-macos-arm64 0.2-15 OK
r-release-macos-x86_64 0.2-15 OK
r-release-windows-ix86+x86_64 0.2-15 10.00 197.00 207.00 OK
r-oldrel-macos-x86_64 0.2-15 OK
r-oldrel-windows-ix86+x86_64 0.2-15 12.00 177.00 189.00 OK

Check Details

Version: 0.2-15
Check: whether package can be installed
Result: WARN
    Found the following significant warnings:
     WARNING: installation-time patches will not be applied, could not get the patches index
Flavor: r-devel-windows-x86_64-gcc10-UCRT

Version: 0.2-15
Check: PDF version of manual
Result: WARN
    LaTeX errors when creating PDF version.
    This typically indicates Rd problems.
Flavor: r-devel-windows-x86_64-gcc10-UCRT

Version: 0.2-15
Check: PDF version of manual without hyperrefs or index
Result: ERROR
    Re-running with no redirection of stdout/stderr.
Flavor: r-devel-windows-x86_64-gcc10-UCRT