CRAN Package Check Results for Package clusterCrit

Last updated on 2021-09-23 12:57:41 CEST.

Flavor Version Tinstall Tcheck Ttotal Status Flags
r-devel-linux-x86_64-debian-clang 1.2.8 6.48 33.61 40.09 OK
r-devel-linux-x86_64-debian-gcc 1.2.8 4.79 26.56 31.35 OK
r-devel-linux-x86_64-fedora-clang 1.2.8 58.27 NOTE
r-devel-linux-x86_64-fedora-gcc 1.2.8 47.65 NOTE
r-devel-windows-x86_64 1.2.8 8.00 38.00 46.00 OK
r-devel-windows-x86_64-gcc10-UCRT 1.2.8 ERROR
r-patched-linux-x86_64 1.2.8 5.64 32.98 38.62 OK
r-patched-solaris-x86 1.2.8 66.00 OK
r-release-linux-x86_64 1.2.8 5.68 32.64 38.32 OK
r-release-macos-arm64 1.2.8 OK
r-release-macos-x86_64 1.2.8 OK
r-release-windows-ix86+x86_64 1.2.8 19.00 43.00 62.00 OK
r-oldrel-macos-x86_64 1.2.8 OK
r-oldrel-windows-ix86+x86_64 1.2.8 27.00 43.00 70.00 OK

Check Details

Version: 1.2.8
Check: top-level files
Result: NOTE
     possible bashism in cleanup line 15 (brace expansion):
     rm -f src/*.{o,so,mod}
     possible bashism in cleanup line 17 (brace expansion):
     rm -f config.{log,status}
     possible bashism in cleanup line 22 (brace expansion):
     rm -f vignettes/*.{tex,aux,bbl,blg,log,toc,idx,ind,ilg,out,synctex.gz}
Flavors: r-devel-linux-x86_64-fedora-clang, r-devel-linux-x86_64-fedora-gcc

Version: 1.2.8
Check: whether package can be installed
Result: ERROR
    Installation failed.
Flavor: r-devel-windows-x86_64-gcc10-UCRT