CRAN Package Check Results for Package clusterGeneration

Last updated on 2021-09-19 04:52:51 CEST.

Flavor Version Tinstall Tcheck Ttotal Status Flags
r-devel-linux-x86_64-debian-clang 1.3.7 5.37 39.02 44.39 OK
r-devel-linux-x86_64-debian-gcc 1.3.7 4.24 29.32 33.56 OK
r-devel-linux-x86_64-fedora-clang 1.3.7 62.63 OK
r-devel-linux-x86_64-fedora-gcc 1.3.7 51.72 OK
r-devel-windows-x86_64 1.3.7 8.00 54.00 62.00 OK
r-devel-windows-x86_64-gcc10-UCRT 1.3.7 ERROR
r-patched-linux-x86_64 1.3.7 5.48 37.56 43.04 OK
r-patched-solaris-x86 1.3.7 68.90 OK
r-release-linux-x86_64 1.3.7 5.15 37.09 42.24 OK
r-release-macos-arm64 1.3.7 OK
r-release-macos-x86_64 1.3.7 OK
r-release-windows-ix86+x86_64 1.3.7 11.00 38.00 49.00 OK
r-oldrel-macos-x86_64 1.3.7 OK
r-oldrel-windows-ix86+x86_64 1.3.7 10.00 36.00 46.00 OK

Check Details

Version: 1.3.7
Check: whether package can be installed
Result: WARN
    Found the following significant warnings:
     WARNING: installation-time patches will not be applied, could not get the patches index
Flavor: r-devel-windows-x86_64-gcc10-UCRT

Version: 1.3.7
Check: PDF version of manual
Result: WARN
    LaTeX errors when creating PDF version.
    This typically indicates Rd problems.
Flavor: r-devel-windows-x86_64-gcc10-UCRT

Version: 1.3.7
Check: PDF version of manual without hyperrefs or index
Result: ERROR
    Re-running with no redirection of stdout/stderr.
Flavor: r-devel-windows-x86_64-gcc10-UCRT