Last updated on 2023-03-28 12:54:36 CEST.
Flavor | Version | Tinstall | Tcheck | Ttotal | Status | Flags |
---|---|---|---|---|---|---|
r-devel-linux-x86_64-debian-clang | 1.0.2 | 33.00 | 33.89 | 66.89 | NOTE | |
r-devel-linux-x86_64-debian-gcc | 1.0.2 | 25.26 | 26.23 | 51.49 | NOTE | |
r-devel-linux-x86_64-fedora-clang | 1.0.2 | 96.31 | NOTE | |||
r-devel-linux-x86_64-fedora-gcc | 1.0.2 | 86.80 | NOTE | |||
r-patched-linux-x86_64 | 1.0.2 | 28.14 | 33.22 | 61.36 | NOTE | |
r-release-linux-x86_64 | 1.0.2 | 23.79 | 34.35 | 58.14 | OK | |
r-release-macos-arm64 | 1.0.2 | 29.00 | OK | |||
r-release-macos-x86_64 | 1.0.2 | 37.00 | OK | |||
r-release-windows-x86_64 | 1.0.2 | 41.00 | 83.00 | 124.00 | OK | |
r-oldrel-macos-arm64 | 1.0.2 | 30.00 | OK | |||
r-oldrel-macos-x86_64 | 1.0.2 | 37.00 | OK | |||
r-oldrel-windows-ix86+x86_64 | 1.0.2 | 83.00 | 88.00 | 171.00 | OK |
Version: 1.0.2
Check: C++ specification
Result: NOTE
Specified C++11: please drop specification unless essential
Flavors: r-devel-linux-x86_64-debian-clang, r-devel-linux-x86_64-debian-gcc, r-devel-linux-x86_64-fedora-clang, r-devel-linux-x86_64-fedora-gcc, r-patched-linux-x86_64