CRAN Package Check Results for Package clusterSim

Last updated on 2021-09-23 00:48:34 CEST.

Flavor Version Tinstall Tcheck Ttotal Status Flags
r-devel-linux-x86_64-debian-clang 0.49-2 13.40 96.24 109.64 OK
r-devel-linux-x86_64-debian-gcc 0.49-2 10.72 71.19 81.91 OK
r-devel-linux-x86_64-fedora-clang 0.49-2 135.86 OK
r-devel-linux-x86_64-fedora-gcc 0.49-2 127.95 OK
r-devel-windows-x86_64 0.49-2 16.00 88.00 104.00 OK
r-devel-windows-x86_64-gcc10-UCRT 0.49-2 ERROR
r-patched-linux-x86_64 0.49-2 17.05 92.17 109.22 OK
r-patched-solaris-x86 0.49-2 161.00 OK
r-release-linux-x86_64 0.49-2 11.96 92.71 104.67 OK
r-release-macos-arm64 0.49-2 OK
r-release-macos-x86_64 0.49-2 OK
r-release-windows-ix86+x86_64 0.49-2 26.00 114.00 140.00 OK
r-oldrel-macos-x86_64 0.49-2 OK
r-oldrel-windows-ix86+x86_64 0.49-2 18.00 114.00 132.00 OK

Check Details

Version: 0.49-2
Check: package dependencies
Result: ERROR
    Package required but not available: 'rgl'
    
    See section 'The DESCRIPTION file' in the 'Writing R Extensions'
    manual.
Flavor: r-devel-windows-x86_64-gcc10-UCRT