Last updated on 2023-12-01 15:53:30 CET.
Flavor | Version | Tinstall | Tcheck | Ttotal | Status | Flags |
---|---|---|---|---|---|---|
r-devel-linux-x86_64-debian-clang | 0.51-3 | 10.79 | 95.24 | 106.03 | NOTE | |
r-devel-linux-x86_64-debian-gcc | 0.51-3 | 8.44 | 71.17 | 79.61 | NOTE | |
r-devel-linux-x86_64-fedora-clang | 0.51-3 | 132.34 | OK | |||
r-devel-linux-x86_64-fedora-gcc | 0.51-3 | 128.45 | OK | |||
r-devel-windows-x86_64 | 0.51-3 | 13.00 | 96.00 | 109.00 | OK | |
r-patched-linux-x86_64 | 0.51-3 | 14.63 | 91.40 | 106.03 | OK | |
r-release-linux-x86_64 | 0.51-3 | 15.05 | 93.18 | 108.23 | OK | |
r-release-macos-arm64 | 0.51-3 | 42.00 | OK | |||
r-release-macos-x86_64 | 0.51-3 | 92.00 | OK | |||
r-release-windows-x86_64 | 0.51-3 | 17.00 | 114.00 | 131.00 | OK | |
r-oldrel-macos-arm64 | 0.51-3 | 43.00 | OK | |||
r-oldrel-macos-x86_64 | 0.51-3 | 55.00 | OK | |||
r-oldrel-windows-x86_64 | 0.51-3 | 16.00 | 113.00 | 129.00 | OK |
Version: 0.51-3
Check: Rd files
Result: NOTE
checkRd: (-1) cluster.Gen.rd:82: Lost braces
82 | Steinley, D., Henson, R. (2005), \emph{OCLUS: an analytic method for generating clusters with known overlap}, "Journal of Classification", vol. 22, 221-250. Available at: \\doi{10.1007/s00357-005-0015-6}.
| ^
checkRd: (-1) index.DB.rd:23: Lost braces; missing escapes or markup?
23 | \item{R}{R matrix $(S_r+S_s)/d_{rs}$}
| ^
checkRd: (-1) index.GAP.rd:12: Lost braces; missing escapes or markup?
12 | "pc" - generate the reference variables from a uniform distribution over a box aligned with the principal components of the data. In detail, if $X=\{x_{ij}\}$ is our n x m data matrix, assume that the columns have mean 0 and compute the singular value decomposition $X=UDV^T$. We transform via $X'=XV$ and then draw uniform features Z' over the ranges of the columns of X' , as in method a) above. Finally we back-transform via $Z=Z'V^T$ to give reference data Z
| ^
checkRd: (-1) pattern.GDM1.rd:77: Lost braces
77 | Jajuga, K., Walesiak, M., Bak, A. (2003), \emph{On the general distance measure}, In: M. Schwaiger, O. Opitz (Eds.), Exploratory data analysis in empirical research, Springer-Verlag, Berlin, Heidelberg, 104-109. Available at: doi{10.1007/978-3-642-55721-7_12}.
| ^
Flavors: r-devel-linux-x86_64-debian-clang, r-devel-linux-x86_64-debian-gcc