CRAN Package Check Results for Package clustringr

Last updated on 2024-06-12 20:58:51 CEST.

Flavor Version Tinstall Tcheck Ttotal Status Flags
r-devel-linux-x86_64-debian-clang 1.0 5.70 66.60 72.30 OK
r-devel-linux-x86_64-debian-gcc 1.0 0.29 1.56 1.85 ERROR
r-devel-linux-x86_64-fedora-clang 1.0 95.49 NOTE
r-devel-linux-x86_64-fedora-gcc 1.0 85.34 NOTE
r-devel-windows-x86_64 1.0 7.00 66.00 73.00 OK
r-patched-linux-x86_64 1.0 6.77 63.51 70.28 OK
r-release-linux-x86_64 1.0 5.41 61.86 67.27 OK
r-release-macos-arm64 1.0 29.00 OK
r-release-macos-x86_64 1.0 50.00 OK
r-release-windows-x86_64 1.0 8.00 64.00 72.00 OK
r-oldrel-macos-arm64 1.0 30.00 OK
r-oldrel-macos-x86_64 1.0 45.00 OK
r-oldrel-windows-x86_64 1.0 10.00 77.00 87.00 OK

Check Details

Version: 1.0
Check: package dependencies
Result: ERROR Packages required but not available: 'dplyr', 'stringr', 'igraph', 'forcats', 'tidygraph', 'ggraph', 'ggplot2' See section ‘The DESCRIPTION file’ in the ‘Writing R Extensions’ manual. Flavor: r-devel-linux-x86_64-debian-gcc

Version: 1.0
Check: dependencies in R code
Result: NOTE Namespace in Imports field not imported from: ‘stringi’ All declared Imports should be used. Flavors: r-devel-linux-x86_64-fedora-clang, r-devel-linux-x86_64-fedora-gcc

Version: 1.0
Check: data for non-ASCII characters
Result: NOTE Note: found 5626 marked UTF-8 strings Flavors: r-devel-linux-x86_64-fedora-clang, r-devel-linux-x86_64-fedora-gcc