CRAN Package Check Results for Package clustringr

Last updated on 2023-05-28 16:57:46 CEST.

Flavor Version Tinstall Tcheck Ttotal Status Flags
r-devel-linux-x86_64-debian-clang 1.0 8.00 63.73 71.73 OK
r-devel-linux-x86_64-debian-gcc 1.0 6.24 47.29 53.53 OK
r-devel-linux-x86_64-fedora-clang 1.0 86.30 NOTE
r-devel-linux-x86_64-fedora-gcc 1.0 84.25 NOTE
r-devel-windows-x86_64 1.0 8.00 64.00 72.00 OK
r-patched-linux-x86_64 1.0 5.84 58.43 64.27 OK
r-release-linux-x86_64 1.0 4.81 58.13 62.94 OK
r-release-macos-arm64 1.0 30.00 OK
r-release-macos-x86_64 1.0 45.00 OK
r-release-windows-x86_64 1.0 10.00 74.00 84.00 OK
r-oldrel-macos-arm64 1.0 32.00 NOTE
r-oldrel-macos-x86_64 1.0 54.00 NOTE
r-oldrel-windows-x86_64 1.0 11.00 83.00 94.00 OK

Check Details

Version: 1.0
Check: dependencies in R code
Result: NOTE
    Namespace in Imports field not imported from: ‘stringi’
     All declared Imports should be used.
Flavors: r-devel-linux-x86_64-fedora-clang, r-devel-linux-x86_64-fedora-gcc, r-oldrel-macos-arm64, r-oldrel-macos-x86_64

Version: 1.0
Check: data for non-ASCII characters
Result: NOTE
     Note: found 5626 marked UTF-8 strings
Flavors: r-devel-linux-x86_64-fedora-clang, r-devel-linux-x86_64-fedora-gcc, r-oldrel-macos-arm64, r-oldrel-macos-x86_64