CRAN Package Check Results for Package clustvarsel

Last updated on 2021-09-26 00:48:36 CEST.

Flavor Version Tinstall Tcheck Ttotal Status Flags
r-devel-linux-x86_64-debian-clang 2.3.4 11.02 85.29 96.31 NOTE
r-devel-linux-x86_64-debian-gcc 2.3.4 8.08 66.46 74.54 NOTE
r-devel-linux-x86_64-fedora-clang 2.3.4 123.15 NOTE
r-devel-linux-x86_64-fedora-gcc 2.3.4 112.58 NOTE
r-devel-windows-x86_64 2.3.4 11.00 77.00 88.00 NOTE --no-vignettes
r-devel-windows-x86_64-gcc10-UCRT 2.3.4 NOTE
r-patched-linux-x86_64 2.3.4 12.23 82.96 95.19 NOTE
r-patched-solaris-x86 2.3.4 162.60 NOTE
r-release-linux-x86_64 2.3.4 11.26 82.77 94.03 NOTE
r-release-macos-arm64 2.3.4 NOTE
r-release-macos-x86_64 2.3.4 NOTE
r-release-windows-ix86+x86_64 2.3.4 22.00 74.00 96.00 NOTE --no-vignettes
r-oldrel-macos-x86_64 2.3.4 OK
r-oldrel-windows-ix86+x86_64 2.3.4 17.00 71.00 88.00 OK --no-vignettes

Check Details

Version: 2.3.4
Check: LazyData
Result: NOTE
     'LazyData' is specified without a 'data' directory
Flavors: r-devel-linux-x86_64-debian-clang, r-devel-linux-x86_64-debian-gcc, r-devel-linux-x86_64-fedora-clang, r-devel-linux-x86_64-fedora-gcc, r-devel-windows-x86_64-gcc10-UCRT, r-patched-linux-x86_64, r-patched-solaris-x86, r-release-linux-x86_64, r-release-macos-arm64, r-release-macos-x86_64

Version: 2.3.4
Flags: --no-vignettes
Check: LazyData
Result: NOTE
     'LazyData' is specified without a 'data' directory
Flavors: r-devel-windows-x86_64, r-release-windows-ix86+x86_64