CRAN Package Check Results for Package clv

Last updated on 2021-09-19 04:52:51 CEST.

Flavor Version Tinstall Tcheck Ttotal Status Flags
r-devel-linux-x86_64-debian-clang 0.3-2.2 6.17 36.11 42.28 OK
r-devel-linux-x86_64-debian-gcc 0.3-2.2 5.04 27.71 32.75 OK
r-devel-linux-x86_64-fedora-clang 0.3-2.2 59.24 NOTE
r-devel-linux-x86_64-fedora-gcc 0.3-2.2 49.22 NOTE
r-devel-windows-x86_64 0.3-2.2 10.00 53.00 63.00 OK
r-devel-windows-x86_64-gcc10-UCRT 0.3-2.2 ERROR
r-patched-linux-x86_64 0.3-2.2 6.66 34.92 41.58 OK
r-patched-solaris-x86 0.3-2.2 71.10 OK
r-release-linux-x86_64 0.3-2.2 5.49 34.57 40.06 OK
r-release-macos-arm64 0.3-2.2 OK
r-release-macos-x86_64 0.3-2.2 OK
r-release-windows-ix86+x86_64 0.3-2.2 19.00 48.00 67.00 OK
r-oldrel-macos-x86_64 0.3-2.2 OK
r-oldrel-windows-ix86+x86_64 0.3-2.2 19.00 49.00 68.00 OK

Check Details

Version: 0.3-2.2
Check: compiled code
Result: NOTE
    File ‘clv/libs/clv.so’:
     Found no calls to: ‘R_registerRoutines’, ‘R_useDynamicSymbols’
    
    It is good practice to register native routines and to disable symbol
    search.
    
    See ‘Writing portable packages’ in the ‘Writing R Extensions’ manual.
Flavors: r-devel-linux-x86_64-fedora-clang, r-devel-linux-x86_64-fedora-gcc

Version: 0.3-2.2
Check: whether package can be installed
Result: ERROR
    Installation failed.
Flavor: r-devel-windows-x86_64-gcc10-UCRT