CRAN Package Check Results for Package cmbClust

Last updated on 2024-07-14 00:55:20 CEST.

Flavor Version Tinstall Tcheck Ttotal Status Flags
r-devel-linux-x86_64-debian-clang 0.0.1 10.08 33.74 43.82 NOTE
r-devel-linux-x86_64-debian-gcc 0.0.1 8.51 24.82 33.33 NOTE
r-devel-linux-x86_64-fedora-clang 0.0.1 54.37 NOTE
r-devel-linux-x86_64-fedora-gcc 0.0.1 56.17 NOTE
r-devel-windows-x86_64 0.0.1 16.00 50.00 66.00 NOTE
r-patched-linux-x86_64 0.0.1 9.90 32.05 41.95 NOTE
r-release-linux-x86_64 0.0.1 9.09 30.90 39.99 NOTE
r-release-macos-arm64 0.0.1 20.00 NOTE
r-release-macos-x86_64 0.0.1 43.00 NOTE
r-release-windows-x86_64 0.0.1 16.00 46.00 62.00 NOTE
r-oldrel-macos-arm64 0.0.1 17.00 OK
r-oldrel-macos-x86_64 0.0.1 32.00 OK
r-oldrel-windows-x86_64 0.0.1 16.00 51.00 67.00 OK

Check Details

Version: 0.0.1
Check: Rd files
Result: NOTE checkRd: (-1) cmb.search.Rd:50: Lost braces; missing escapes or markup? 50 | \item{order}{applied conditioning order {length p}} | ^ Flavors: r-devel-linux-x86_64-debian-clang, r-devel-linux-x86_64-debian-gcc, r-devel-linux-x86_64-fedora-clang, r-devel-linux-x86_64-fedora-gcc, r-devel-windows-x86_64, r-patched-linux-x86_64, r-release-linux-x86_64, r-release-macos-arm64, r-release-macos-x86_64, r-release-windows-x86_64