Last updated on 2023-06-08 04:54:46 CEST.
Flavor | Version | Tinstall | Tcheck | Ttotal | Status | Flags |
---|---|---|---|---|---|---|
r-devel-linux-x86_64-debian-clang | 0.1.11 | 12.84 | 1295.18 | 1308.02 | ERROR | |
r-devel-linux-x86_64-debian-gcc | 0.1.11 | 7.78 | 595.10 | 602.88 | OK | |
r-devel-linux-x86_64-fedora-clang | 0.1.11 | 581.22 | OK | |||
r-devel-linux-x86_64-fedora-gcc | 0.1.11 | 1164.36 | OK | |||
r-devel-windows-x86_64 | 0.1.11 | 10.00 | 364.00 | 374.00 | OK | |
r-patched-linux-x86_64 | 0.1.11 | 7.55 | 758.51 | 766.06 | OK | |
r-release-linux-x86_64 | 0.1.11 | 7.21 | 783.14 | 790.35 | OK | |
r-release-macos-arm64 | 0.1.11 | 186.00 | OK | |||
r-release-macos-x86_64 | 0.1.11 | 307.00 | OK | |||
r-release-windows-x86_64 | 0.1.11 | 14.00 | 397.00 | 411.00 | OK | |
r-oldrel-macos-arm64 | 0.1.11 | 131.00 | OK | |||
r-oldrel-macos-x86_64 | 0.1.11 | 162.00 | OK | |||
r-oldrel-windows-x86_64 | 0.1.11 | 14.00 | 404.00 | 418.00 | OK |
Version: 0.1.11
Check: tests
Result: ERROR
Running ‘testthat.R’ [20m/22m]
Running the tests in ‘tests/testthat.R’ failed.
Complete output:
> library(testthat)
> library(cmcR)
>
> test_check("cmcR",reporter = SummaryReporter)
adding: bindata/ (stored 0%)
adding: bindata/data.bin (deflated 58%)
adding: main.xml (deflated 62%)
adding: md5checksum.hex (stored 0%)
adding: bindata/ (stored 0%)
adding: bindata/data.bin (deflated 58%)
adding: main.xml (deflated 62%)
adding: md5checksum.hex (stored 0%)
comparison: ..
decision: ..........
diagnosticTools: Killed
Flavor: r-devel-linux-x86_64-debian-clang