CRAN Package Check Results for Package cmce

Last updated on 2024-06-22 21:47:17 CEST.

Flavor Version Tinstall Tcheck Ttotal Status Flags
r-devel-linux-x86_64-debian-clang 0.1.0 3.01 36.84 39.85 NOTE
r-devel-linux-x86_64-debian-gcc 0.1.0 2.73 26.48 29.21 NOTE
r-devel-linux-x86_64-fedora-clang 0.1.0 50.13 NOTE
r-devel-linux-x86_64-fedora-gcc 0.1.0 49.91 NOTE
r-devel-windows-x86_64 0.1.0 4.00 46.00 50.00 NOTE
r-patched-linux-x86_64 0.1.0 4.04 34.39 38.43 NOTE
r-release-linux-x86_64 0.1.0 2.94 34.57 37.51 NOTE
r-release-macos-arm64 0.1.0 17.00 NOTE
r-release-macos-x86_64 0.1.0 41.00 NOTE
r-release-windows-x86_64 0.1.0 3.00 47.00 50.00 NOTE
r-oldrel-macos-arm64 0.1.0 16.00 NOTE
r-oldrel-macos-x86_64 0.1.0 27.00 NOTE
r-oldrel-windows-x86_64 0.1.0 3.00 51.00 54.00 NOTE

Check Details

Version: 0.1.0
Check: Rd files
Result: NOTE checkRd: (-1) gp.realize.Rd:20: Lost braces; missing escapes or markup? 20 | The list \code{l.v} is created by \code{makedistlist()} from a {n x p} design matrix on which to generate the unconditional GP realization. The correlation parameters take on values in \code{(0,1)} and use the Gaussian correlation model, calculated as \code{rho^d(xi,xj)^2}. This helper function is used to create the demonstration data used in the example for \code{calibrate()}. | ^ Flavors: r-devel-linux-x86_64-debian-clang, r-devel-linux-x86_64-debian-gcc, r-devel-linux-x86_64-fedora-clang, r-devel-linux-x86_64-fedora-gcc, r-devel-windows-x86_64, r-patched-linux-x86_64, r-release-linux-x86_64, r-release-macos-arm64, r-release-macos-x86_64, r-release-windows-x86_64

Version: 0.1.0
Check: LazyData
Result: NOTE 'LazyData' is specified without a 'data' directory Flavors: r-devel-linux-x86_64-debian-clang, r-devel-linux-x86_64-debian-gcc, r-devel-linux-x86_64-fedora-clang, r-devel-linux-x86_64-fedora-gcc, r-devel-windows-x86_64, r-patched-linux-x86_64, r-release-linux-x86_64, r-release-macos-arm64, r-release-macos-x86_64, r-release-windows-x86_64, r-oldrel-macos-arm64, r-oldrel-macos-x86_64, r-oldrel-windows-x86_64