CRAN Package Check Results for Package cmce

Last updated on 2023-10-03 17:05:51 CEST.

Flavor Version Tinstall Tcheck Ttotal Status Flags
r-devel-linux-x86_64-debian-clang 0.1.0 3.99 34.57 38.56 NOTE
r-devel-linux-x86_64-debian-gcc 0.1.0 3.04 26.74 29.78 NOTE
r-devel-linux-x86_64-fedora-clang 0.1.0 47.92 NOTE
r-devel-linux-x86_64-fedora-gcc 0.1.0 47.14 NOTE
r-devel-windows-x86_64 0.1.0 4.00 48.00 52.00 NOTE
r-patched-linux-x86_64 0.1.0 2.94 34.93 37.87 NOTE
r-release-linux-x86_64 0.1.0 4.05 35.10 39.15 NOTE
r-release-macos-arm64 0.1.0 16.00 NOTE
r-release-macos-x86_64 0.1.0 27.00 NOTE
r-release-windows-x86_64 0.1.0 4.00 56.00 60.00 NOTE
r-oldrel-macos-arm64 0.1.0 17.00 NOTE
r-oldrel-macos-x86_64 0.1.0 25.00 NOTE
r-oldrel-windows-x86_64 0.1.0 7.00 57.00 64.00 NOTE

Check Details

Version: 0.1.0
Check: LazyData
Result: NOTE
     'LazyData' is specified without a 'data' directory
Flavors: r-devel-linux-x86_64-debian-clang, r-devel-linux-x86_64-debian-gcc, r-devel-linux-x86_64-fedora-clang, r-devel-linux-x86_64-fedora-gcc, r-devel-windows-x86_64, r-patched-linux-x86_64, r-release-linux-x86_64, r-release-macos-arm64, r-release-macos-x86_64, r-release-windows-x86_64, r-oldrel-macos-arm64, r-oldrel-macos-x86_64, r-oldrel-windows-x86_64