Last updated on 2023-10-03 09:08:14 CEST.
Flavor | Version | Tinstall | Tcheck | Ttotal | Status | Flags |
---|---|---|---|---|---|---|
r-devel-linux-x86_64-debian-clang | 0.6.24 | 8.39 | 90.25 | 98.64 | NOTE | |
r-devel-linux-x86_64-debian-gcc | 0.6.24 | 7.65 | 65.71 | 73.36 | NOTE | |
r-devel-linux-x86_64-fedora-clang | 0.6.24 | 121.64 | NOTE | |||
r-devel-linux-x86_64-fedora-gcc | 0.6.24 | 118.19 | NOTE | |||
r-devel-windows-x86_64 | 0.6.24 | 10.00 | 85.00 | 95.00 | NOTE | |
r-patched-linux-x86_64 | 0.6.24 | 9.57 | 84.22 | 93.79 | OK | |
r-release-linux-x86_64 | 0.6.24 | 7.90 | 83.25 | 91.15 | OK | |
r-release-macos-arm64 | 0.6.24 | 36.00 | OK | |||
r-release-macos-x86_64 | 0.6.24 | 64.00 | OK | |||
r-release-windows-x86_64 | 0.6.24 | 12.00 | 98.00 | 110.00 | OK | |
r-oldrel-macos-arm64 | 0.6.24 | 34.00 | OK | |||
r-oldrel-macos-x86_64 | 0.6.24 | 56.00 | OK | |||
r-oldrel-windows-x86_64 | 0.6.24 | 12.00 | 99.00 | 111.00 | OK |
Version: 0.6.24
Check: Rd \usage sections
Result: NOTE
Documented arguments not in \usage in documentation object 'get_superior':
‘stirng’
Functions with \usage entries need to have the appropriate \alias
entries, and all their arguments documented.
The \usage entries must correspond to syntactically valid R code.
See chapter ‘Writing R documentation files’ in the ‘Writing R
Extensions’ manual.
Flavors: r-devel-linux-x86_64-debian-clang, r-devel-linux-x86_64-debian-gcc, r-devel-linux-x86_64-fedora-clang, r-devel-linux-x86_64-fedora-gcc, r-devel-windows-x86_64