Last updated on 2023-10-03 17:05:51 CEST.
Flavor | Version | Tinstall | Tcheck | Ttotal | Status | Flags |
---|---|---|---|---|---|---|
r-devel-linux-x86_64-debian-clang | 0.1.3 | 2.53 | 26.44 | 28.97 | OK | |
r-devel-linux-x86_64-debian-gcc | 0.1.3 | 2.36 | 20.70 | 23.06 | OK | |
r-devel-linux-x86_64-fedora-clang | 0.1.3 | 36.96 | NOTE | |||
r-devel-linux-x86_64-fedora-gcc | 0.1.3 | 36.57 | NOTE | |||
r-devel-windows-x86_64 | 0.1.3 | 6.00 | 44.00 | 50.00 | OK | |
r-patched-linux-x86_64 | 0.1.3 | 3.70 | 25.97 | 29.67 | OK | |
r-release-linux-x86_64 | 0.1.3 | 3.11 | 25.88 | 28.99 | OK | |
r-release-macos-arm64 | 0.1.3 | 20.00 | OK | |||
r-release-macos-x86_64 | 0.1.3 | 23.00 | OK | |||
r-release-windows-x86_64 | 0.1.3 | 12.00 | 45.00 | 57.00 | OK | |
r-oldrel-macos-arm64 | 0.1.3 | 19.00 | OK | |||
r-oldrel-macos-x86_64 | 0.1.3 | 23.00 | OK | |||
r-oldrel-windows-x86_64 | 0.1.3 | 6.00 | 46.00 | 52.00 | OK |
Version: 0.1.3
Check: data for non-ASCII characters
Result: NOTE
Note: found 30244 marked UTF-8 strings
Flavors: r-devel-linux-x86_64-fedora-clang, r-devel-linux-x86_64-fedora-gcc