CRAN Package Check Results for Package coinmarketcapr

Last updated on 2022-01-22 11:50:55 CET.

Flavor Version Tinstall Tcheck Ttotal Status Flags
r-devel-linux-x86_64-debian-clang 0.3.2 5.76 63.13 68.89 NOTE
r-devel-linux-x86_64-debian-gcc 0.3.2 4.67 46.83 51.50 NOTE
r-devel-linux-x86_64-fedora-clang 0.3.2 83.51 NOTE
r-devel-linux-x86_64-fedora-gcc 0.3.2 69.80 NOTE
r-devel-windows-x86_64-new-UL 0.3.2 72.00 82.00 154.00 NOTE
r-devel-windows-x86_64-new-TK 0.3.2 NOTE
r-patched-linux-x86_64 0.3.2 4.03 58.54 62.57 NOTE
r-release-linux-x86_64 0.3.2 5.89 58.96 64.85 NOTE
r-release-macos-arm64 0.3.2 NOTE
r-release-macos-x86_64 0.3.2 NOTE
r-release-windows-ix86+x86_64 0.3.2 15.00 77.00 92.00 NOTE
r-oldrel-macos-x86_64 0.3.2 OK
r-oldrel-windows-ix86+x86_64 0.3.2 15.00 72.00 87.00 OK

Check Details

Version: 0.3.2
Check: LazyData
Result: NOTE
     'LazyData' is specified without a 'data' directory
Flavors: r-devel-linux-x86_64-debian-clang, r-devel-linux-x86_64-debian-gcc, r-devel-linux-x86_64-fedora-clang, r-devel-linux-x86_64-fedora-gcc, r-devel-windows-x86_64-new-UL, r-devel-windows-x86_64-new-TK, r-patched-linux-x86_64, r-release-linux-x86_64, r-release-macos-arm64, r-release-macos-x86_64, r-release-windows-ix86+x86_64