CRAN Package Check Results for Package collapse

Last updated on 2021-09-23 00:48:34 CEST.

Flavor Version Tinstall Tcheck Ttotal Status Flags
r-devel-linux-x86_64-debian-clang 1.6.5 290.91 204.08 494.99 OK
r-devel-linux-x86_64-debian-gcc 1.6.5 206.95 149.20 356.15 OK
r-devel-linux-x86_64-fedora-clang 1.6.5 713.35 NOTE
r-devel-linux-x86_64-fedora-gcc 1.6.5 664.49 OK
r-devel-windows-x86_64 1.6.5 264.00 187.00 451.00 OK
r-devel-windows-x86_64-gcc10-UCRT 1.6.5 ERROR
r-patched-linux-x86_64 1.6.5 241.49 194.18 435.67 OK
r-patched-solaris-x86 1.6.5 581.60 OK
r-release-linux-x86_64 1.6.5 240.09 192.63 432.72 OK
r-release-macos-arm64 1.6.5 NOTE
r-release-macos-x86_64 1.6.5 NOTE
r-release-windows-ix86+x86_64 1.6.5 631.00 236.00 867.00 NOTE
r-oldrel-macos-x86_64 1.6.5 WARN
r-oldrel-windows-ix86+x86_64 1.6.5 521.00 226.00 747.00 WARN

Additional issues

rchk

Check Details

Version: 1.6.5
Check: installed package size
Result: NOTE
     installed size is 17.4Mb
     sub-directories of 1Mb or more:
     libs 15.3Mb
Flavors: r-devel-linux-x86_64-fedora-clang, r-release-macos-arm64, r-release-macos-x86_64, r-release-windows-ix86+x86_64, r-oldrel-macos-x86_64, r-oldrel-windows-ix86+x86_64

Version: 1.6.5
Check: package dependencies
Result: NOTE
    Packages suggested but not available for checking: 'sf', 'weights'
Flavor: r-devel-windows-x86_64-gcc10-UCRT

Version: 1.6.5
Check: whether package can be installed
Result: ERROR
    Installation failed.
Flavor: r-devel-windows-x86_64-gcc10-UCRT

Version: 1.6.5
Check: for unstated dependencies in examples
Result: WARN
    Warning: parse error in file 'lines':
    8: unexpected '>'
    55: giris <- group_by(iris, Species)
    56: giris |>
     ^
Flavor: r-oldrel-macos-x86_64

Version: 1.6.5
Check: for unstated dependencies in examples
Result: WARN
    Warning: parse error in file 'lines':
    8: unexpected '>'
    56: giris <- group_by(iris, Species)
    57: giris |>
     ^
Flavor: r-oldrel-windows-ix86+x86_64