CRAN Package Check Results for Package collapsibleTree

Last updated on 2021-11-29 15:51:08 CET.

Flavor Version Tinstall Tcheck Ttotal Status Flags
r-devel-linux-x86_64-debian-clang 0.1.7 2.94 37.80 40.74 NOTE
r-devel-linux-x86_64-debian-gcc 0.1.7 2.57 28.97 31.54 NOTE
r-devel-linux-x86_64-fedora-clang 0.1.7 60.02 NOTE
r-devel-linux-x86_64-fedora-gcc 0.1.7 48.49 NOTE
r-devel-windows-x86_64-new-UL 0.1.7 8.00 77.00 85.00 NOTE
r-devel-windows-x86_64-new-TK 0.1.7 NOTE
r-devel-windows-x86_64-old 0.1.7 6.00 45.00 51.00 NOTE
r-patched-linux-x86_64 0.1.7 3.35 35.83 39.18 NOTE
r-patched-solaris-x86 0.1.7 73.60 NOTE
r-release-linux-x86_64 0.1.7 3.07 35.94 39.01 NOTE
r-release-macos-arm64 0.1.7 NOTE
r-release-macos-x86_64 0.1.7 NOTE
r-release-windows-ix86+x86_64 0.1.7 7.00 45.00 52.00 NOTE
r-oldrel-macos-x86_64 0.1.7 OK
r-oldrel-windows-ix86+x86_64 0.1.7 5.00 48.00 53.00 OK

Check Details

Version: 0.1.7
Check: LazyData
Result: NOTE
     'LazyData' is specified without a 'data' directory
Flavors: r-devel-linux-x86_64-debian-clang, r-devel-linux-x86_64-debian-gcc, r-devel-linux-x86_64-fedora-clang, r-devel-linux-x86_64-fedora-gcc, r-devel-windows-x86_64-new-UL, r-devel-windows-x86_64-new-TK, r-devel-windows-x86_64-old, r-patched-linux-x86_64, r-patched-solaris-x86, r-release-linux-x86_64, r-release-macos-arm64, r-release-macos-x86_64, r-release-windows-ix86+x86_64