CRAN Package Check Results for Package colorSpec

Last updated on 2021-11-27 11:52:39 CET.

Flavor Version Tinstall Tcheck Ttotal Status Flags
r-devel-linux-x86_64-debian-clang 1.2-1 OK
r-devel-linux-x86_64-debian-gcc 1.2-1 2.45 203.05 205.50 OK
r-devel-linux-x86_64-fedora-clang 1.2-1 335.84 WARN
r-devel-linux-x86_64-fedora-gcc 1.2-1 326.09 WARN
r-devel-windows-x86_64-new-UL 1.2-1 29.00 487.00 516.00 NOTE
r-devel-windows-x86_64-new-TK 1.2-1 WARN
r-devel-windows-x86_64-old 1.2-1 6.00 218.00 224.00 NOTE
r-patched-linux-x86_64 1.2-1 6.90 275.54 282.44 OK
r-patched-solaris-x86 1.2-1 314.10 NOTE
r-release-linux-x86_64 1.2-1 OK
r-release-macos-arm64 1.2-1 NOTE
r-release-macos-x86_64 1.2-1 NOTE
r-release-windows-ix86+x86_64 1.2-1 9.00 283.00 292.00 NOTE
r-oldrel-macos-x86_64 1.2-1 NOTE
r-oldrel-windows-ix86+x86_64 1.2-1 8.00 275.00 283.00 NOTE

Check Details

Version: 1.2-1
Check: installed package size
Result: NOTE
     installed size is 5.5Mb
     sub-directories of 1Mb or more:
     doc 2.6Mb
     extdata 2.1Mb
Flavors: r-devel-linux-x86_64-fedora-clang, r-devel-windows-x86_64-new-UL, r-devel-windows-x86_64-old, r-patched-solaris-x86, r-release-macos-arm64, r-release-macos-x86_64, r-release-windows-ix86+x86_64, r-oldrel-macos-x86_64, r-oldrel-windows-ix86+x86_64

Version: 1.2-1
Check: Rd cross-references
Result: NOTE
    Undeclared package ‘plyr’ in Rd xrefs
Flavor: r-devel-linux-x86_64-fedora-clang

Version: 1.2-1
Check: re-building of vignette outputs
Result: WARN
    Error(s) in re-building vignettes:
    --- re-building ‘colorSpec-guide.Rmd’ using rmarkdown
    --- finished re-building ‘colorSpec-guide.Rmd’
    
    --- re-building ‘phenolred.Rmd’ using rmarkdown
    
    Attaching package: 'spacesRGB'
    
    The following objects are masked from 'package:colorSpec':
    
     RGBfromXYZ, metadata, metadata<-
    
    --- finished re-building ‘phenolred.Rmd’
    
    --- re-building ‘photoncounting.Rmd’ using rmarkdown
    --- finished re-building ‘photoncounting.Rmd’
    
    --- re-building ‘blueflame.rnw’ using knitr
    --- finished re-building ‘blueflame.rnw’
    
    --- re-building ‘convexity.rnw’ using knitr
    Error: processing vignette 'convexity.rnw' failed with diagnostics:
    Running 'texi2dvi' on 'convexity.tex' failed.
    LaTeX errors:
    ! Package xcolor Error: Undefined color `darkred'.
    
    See the xcolor package documentation for explanation.
    Type H <return> for immediate help.
     ...
    ! Package xcolor Error: Undefined color `darkred'.
    
    See the xcolor package documentation for explanation.
    Type H <return> for immediate help.
     ...
    ! Package xcolor Error: Undefined color `darkred'.
    
    See the xcolor package documentation for explanation.
    Type H <return> for immediate help.
     ...
    ! Package xcolor Error: Undefined color `fgcolor'.
    
    See the xcolor package documentation for explanation.
    Type H <return> for immediate help.
     ...
    ! Package xcolor Error: Undefined color `darkred'.
    
    See the xcolor package documentation for explanation.
    Type H <return> for immediate help.
     ...
    ! Package xcolor Error: Undefined color `darkred'.
    
    See the xcolor package documentation for explanation.
    Type H <return> for immediate help.
     ...
    ! Package xcolor Error: Undefined color `darkred'.
    
    See the xcolor package documentation for explanation.
    Type H <return> for immediate help.
     ...
    ! Package xcolor Error: Undefined color `darkred'.
    
    See the xcolor package documentation for explanation.
    Type H <return> for immediate help.
     ...
    ! Package xcolor Error: Undefined color `fgcolor'.
    
    See the xcolor package documentation for explanation.
    Type H <return> for immediate help.
     ...
    ! Package xcolor Error: Undefined color `darkblue'.
    
    See the xcolor package documentation for explanation.
    Type H <return> for immediate help.
     ...
    ! Package xcolor Error: Undefined color `fgcolor'.
    
    See the xcolor package documentation for explanation.
    Type H <return> for immediate help.
     ...
    ! Package xcolor Error: Undefined color `darkblue'.
    
    See the xcolor package documentation for explanation.
    Type H <return> for immediate help.
     ...
    ! Package xcolor Error: Undefined color `fgcolor'.
    
    See the xcolor package documentation for explanation.
    Type H <return> for immediate help.
     ...
    ! Package xcolor Error: Undefined color `darkblue'.
    
    See the xcolor package documentation for explanation.
    Type H <return> for immediate help.
     ...
    ! Package xcolor Error: Undefined color `fgcolor'.
    
    See the xcolor package documentation for explanation.
    Type H <return> for immediate help.
     ...
    ! Package xcolor Error: Undefined color `darkblue'.
    
    See the xcolor package documentation for explanation.
    Type H <return> for immediate help.
     ...
    ! Package xcolor Error: Undefined color `fgcolor'.
    
    See the xcolor package documentation for explanation.
    Type H <return> for immediate help.
     ...
    ! Package xcolor Error: Undefined color `darkred'.
    
    See the xcolor package documentation for explanation.
    Type H <return> for immediate help.
     ...
    ! Package xcolor Error: Undefined color `fgcolor'.
    
    See the xcolor package documentation for explanation.
    Type H <return> for immediate help.
     ...
    ! Package xcolor Error: Undefined color `darkblue'.
    
    See the xcolor package documentation for explanation.
    Type H <return> for immediate help.
     ...
    ! Package xcolor Error: Undefined color `darkblue'.
    
    See the xcolor package documentation for explanation.
    Type H <return> for immediate help.
     ...
    ! Package xcolor Error: Undefined color `fgcolor'.
    
    See the xcolor package documentation for explanation.
    Type H <return> for immediate help.
     ...
    ! Package xcolor Error: Undefined color `darkblue'.
    
    See the xcolor package documentation for explanation.
    Type H <return> for immediate help.
     ...
    ! Package xcolor Error: Undefined color `fgcolor'.
    
    See the xcolor package documentation for explanation.
    Type H <return> for immediate help.
     ...
    ! Package xcolor Error: Undefined color `darkblue'.
    
    See the xcolor package documentation for explanation.
    Type H <return> for immediate help.
     ...
    ! Package xcolor Error: Undefined color `darkblue'.
    
    See the xcolor package documentation for explanation.
    Type H <return> for immediate help.
     ...
    ! Package xcolor Error: Undefined color `fgcolor'.
    
    See the xcolor package documentation for explanation.
    Type H <return> for immediate help.
     ...
    ! Package xcolor Error: Undefined color `darkblue'.
    
    See the xcolor package documentation for explanation.
    Type H <return> for immediate help.
     ...
    ! Package xcolor Error: Undefined color `fgcolor'.
    
    See the xcolor package documentation for explanation.
    Type H <return> for immediate help.
     ...
    ! Package xcolor Error: Undefined color `shadecolor'.
    
    See the xcolor package documentation for explanation.
    Type H <return> for immediate help.
     ...
    ! Package xcolor Error: Undefined color `shadecolor'.
    
    See the xcolor package documentation for explanation.
    Type H <return> for immediate help.
     ...
    ! Package xcolor Error: Undefined color `shadecolor'.
    
    See the xcolor package documentation for explanation.
    Type H <return> for immediate help.
     ...
    --- failed re-building ‘convexity.rnw’
    
    --- re-building ‘emulation.rnw’ using knitr
    11:06:08.013 WARN colorSpec::product.colorSpec(). The returned matrix is ambiguous; because it depends on the splitting. Inspect the matrix carefully.
    11:06:08.036 WARN colorSpec::product.colorSpec(). The returned matrix is ambiguous; because it depends on the splitting. Inspect the matrix carefully.
    --- finished re-building ‘emulation.rnw’
    
    --- re-building ‘gallery.rnw’ using knitr
    --- finished re-building ‘gallery.rnw’
    
    --- re-building ‘inversion.rnw’ using knitr
    --- finished re-building ‘inversion.rnw’
    
    --- re-building ‘lens-aging.rnw’ using knitr
    --- finished re-building ‘lens-aging.rnw’
    
    --- re-building ‘optimals.rnw’ using knitr
    --- finished re-building ‘optimals.rnw’
    
    SUMMARY: processing the following file failed:
     ‘convexity.rnw’
    
    Error: Vignette re-building failed.
    Execution halted
Flavor: r-devel-linux-x86_64-fedora-clang

Version: 1.2-1
Check: re-building of vignette outputs
Result: WARN
    Error(s) in re-building vignettes:
    --- re-building ‘colorSpec-guide.Rmd’ using rmarkdown
    --- finished re-building ‘colorSpec-guide.Rmd’
    
    --- re-building ‘phenolred.Rmd’ using rmarkdown
    
    Attaching package: 'spacesRGB'
    
    The following objects are masked from 'package:colorSpec':
    
     RGBfromXYZ, metadata, metadata<-
    
    --- finished re-building ‘phenolred.Rmd’
    
    --- re-building ‘photoncounting.Rmd’ using rmarkdown
    --- finished re-building ‘photoncounting.Rmd’
    
    --- re-building ‘blueflame.rnw’ using knitr
    --- finished re-building ‘blueflame.rnw’
    
    --- re-building ‘convexity.rnw’ using knitr
    Error: processing vignette 'convexity.rnw' failed with diagnostics:
    Running 'texi2dvi' on 'convexity.tex' failed.
    LaTeX errors:
    ! Package xcolor Error: Undefined color `darkred'.
    
    See the xcolor package documentation for explanation.
    Type H <return> for immediate help.
     ...
    ! Package xcolor Error: Undefined color `darkred'.
    
    See the xcolor package documentation for explanation.
    Type H <return> for immediate help.
     ...
    ! Package xcolor Error: Undefined color `darkred'.
    
    See the xcolor package documentation for explanation.
    Type H <return> for immediate help.
     ...
    ! Package xcolor Error: Undefined color `fgcolor'.
    
    See the xcolor package documentation for explanation.
    Type H <return> for immediate help.
     ...
    ! Package xcolor Error: Undefined color `darkred'.
    
    See the xcolor package documentation for explanation.
    Type H <return> for immediate help.
     ...
    ! Package xcolor Error: Undefined color `darkred'.
    
    See the xcolor package documentation for explanation.
    Type H <return> for immediate help.
     ...
    ! Package xcolor Error: Undefined color `darkred'.
    
    See the xcolor package documentation for explanation.
    Type H <return> for immediate help.
     ...
    ! Package xcolor Error: Undefined color `darkred'.
    
    See the xcolor package documentation for explanation.
    Type H <return> for immediate help.
     ...
    ! Package xcolor Error: Undefined color `fgcolor'.
    
    See the xcolor package documentation for explanation.
    Type H <return> for immediate help.
     ...
    ! Package xcolor Error: Undefined color `darkblue'.
    
    See the xcolor package documentation for explanation.
    Type H <return> for immediate help.
     ...
    ! Package xcolor Error: Undefined color `fgcolor'.
    
    See the xcolor package documentation for explanation.
    Type H <return> for immediate help.
     ...
    ! Package xcolor Error: Undefined color `darkblue'.
    
    See the xcolor package documentation for explanation.
    Type H <return> for immediate help.
     ...
    ! Package xcolor Error: Undefined color `fgcolor'.
    
    See the xcolor package documentation for explanation.
    Type H <return> for immediate help.
     ...
    ! Package xcolor Error: Undefined color `darkblue'.
    
    See the xcolor package documentation for explanation.
    Type H <return> for immediate help.
     ...
    ! Package xcolor Error: Undefined color `fgcolor'.
    
    See the xcolor package documentation for explanation.
    Type H <return> for immediate help.
     ...
    ! Package xcolor Error: Undefined color `darkblue'.
    
    See the xcolor package documentation for explanation.
    Type H <return> for immediate help.
     ...
    ! Package xcolor Error: Undefined color `fgcolor'.
    
    See the xcolor package documentation for explanation.
    Type H <return> for immediate help.
     ...
    ! Package xcolor Error: Undefined color `darkred'.
    
    See the xcolor package documentation for explanation.
    Type H <return> for immediate help.
     ...
    ! Package xcolor Error: Undefined color `fgcolor'.
    
    See the xcolor package documentation for explanation.
    Type H <return> for immediate help.
     ...
    ! Package xcolor Error: Undefined color `darkblue'.
    
    See the xcolor package documentation for explanation.
    Type H <return> for immediate help.
     ...
    ! Package xcolor Error: Undefined color `darkblue'.
    
    See the xcolor package documentation for explanation.
    Type H <return> for immediate help.
     ...
    ! Package xcolor Error: Undefined color `fgcolor'.
    
    See the xcolor package documentation for explanation.
    Type H <return> for immediate help.
     ...
    ! Package xcolor Error: Undefined color `darkblue'.
    
    See the xcolor package documentation for explanation.
    Type H <return> for immediate help.
     ...
    ! Package xcolor Error: Undefined color `fgcolor'.
    
    See the xcolor package documentation for explanation.
    Type H <return> for immediate help.
     ...
    ! Package xcolor Error: Undefined color `darkblue'.
    
    See the xcolor package documentation for explanation.
    Type H <return> for immediate help.
     ...
    ! Package xcolor Error: Undefined color `darkblue'.
    
    See the xcolor package documentation for explanation.
    Type H <return> for immediate help.
     ...
    ! Package xcolor Error: Undefined color `fgcolor'.
    
    See the xcolor package documentation for explanation.
    Type H <return> for immediate help.
     ...
    ! Package xcolor Error: Undefined color `darkblue'.
    
    See the xcolor package documentation for explanation.
    Type H <return> for immediate help.
     ...
    ! Package xcolor Error: Undefined color `fgcolor'.
    
    See the xcolor package documentation for explanation.
    Type H <return> for immediate help.
     ...
    ! Package xcolor Error: Undefined color `shadecolor'.
    
    See the xcolor package documentation for explanation.
    Type H <return> for immediate help.
     ...
    ! Package xcolor Error: Undefined color `shadecolor'.
    
    See the xcolor package documentation for explanation.
    Type H <return> for immediate help.
     ...
    ! Package xcolor Error: Undefined color `shadecolor'.
    
    See the xcolor package documentation for explanation.
    Type H <return> for immediate help.
     ...
    --- failed re-building ‘convexity.rnw’
    
    --- re-building ‘emulation.rnw’ using knitr
    09:00:08.166 WARN colorSpec::product.colorSpec(). The returned matrix is ambiguous; because it depends on the splitting. Inspect the matrix carefully.
    09:00:08.233 WARN colorSpec::product.colorSpec(). The returned matrix is ambiguous; because it depends on the splitting. Inspect the matrix carefully.
    --- finished re-building ‘emulation.rnw’
    
    --- re-building ‘gallery.rnw’ using knitr
    --- finished re-building ‘gallery.rnw’
    
    --- re-building ‘inversion.rnw’ using knitr
    --- finished re-building ‘inversion.rnw’
    
    --- re-building ‘lens-aging.rnw’ using knitr
    --- finished re-building ‘lens-aging.rnw’
    
    --- re-building ‘optimals.rnw’ using knitr
    --- finished re-building ‘optimals.rnw’
    
    SUMMARY: processing the following file failed:
     ‘convexity.rnw’
    
    Error: Vignette re-building failed.
    Execution halted
Flavor: r-devel-linux-x86_64-fedora-gcc

Version: 1.2-1
Check: re-building of vignette outputs
Result: WARN
    Error(s) in re-building vignettes:
    --- re-building 'colorSpec-guide.Rmd' using rmarkdown
    --- finished re-building 'colorSpec-guide.Rmd'
    
    --- re-building 'phenolred.Rmd' using rmarkdown
    
    Attaching package: 'spacesRGB'
    
    The following objects are masked from 'package:colorSpec':
    
     RGBfromXYZ, metadata, metadata<-
    
    --- finished re-building 'phenolred.Rmd'
    
    --- re-building 'photoncounting.Rmd' using rmarkdown
    --- finished re-building 'photoncounting.Rmd'
    
    --- re-building 'blueflame.rnw' using knitr
    --- finished re-building 'blueflame.rnw'
    
    --- re-building 'convexity.rnw' using knitr
    Warning in system(paste(shQuote(texi2dvi), if (quiet) "--quiet" else "", :
     running command '"C:\PROGRA~1\MiKTeX\miktex\bin\x64\texify.exe" --quiet --pdf "convexity.tex" --max-iterations=20 -I "C:/r_packages/rinst/share/texmf/tex/latex" -I "C:/r_packages/rinst/share/texmf/bibtex/bst"' had status 1
    Error: processing vignette 'convexity.rnw' failed with diagnostics:
    running 'texi2dvi' on 'convexity.tex' failed
    
    LaTeX errors:
    ettes/convexity.tex:150: Package xcolor Error: Undefined color `darkred'.
    
    See the xcolor package documentation for explanation.
    Type H <return> for immediate help.
     ...
    ettes/convexity.tex:151: Package xcolor Error: Undefined color `darkred'.
    
    See the xcolor package documentation for explanation.
    Type H <return> for immediate help.
     ...
    ettes/convexity.tex:152: Package xcolor Error: Undefined color `darkred'.
    
    See the xcolor package documentation for explanation.
    Type H <return> for immediate help.
     ...
    ettes/convexity.tex:156: Package xcolor Error: Undefined color `fgcolor'.
    
    See the xcolor package documentation for explanation.
    Type H <return> for immediate help.
     ...
    ettes/convexity.tex:219: Package xcolor Error: Undefined color `darkred'.
    
    See the xcolor package documentation for explanation.
    Type H <return> for immediate help.
     ...
    ettes/convexity.tex:220: Package xcolor Error: Undefined color `darkred'.
    
    See the xcolor package documentation for explanation.
    Type H <return> for immediate help.
     ...
    ettes/convexity.tex:253: Package xcolor Error: Undefined color `darkred'.
    
    See the xcolor package documentation for explanation.
    Type H <return> for immediate help.
     ...
    ettes/convexity.tex:344: Package xcolor Error: Undefined color `darkred'.
    
    See the xcolor package documentation for explanation.
    Type H <return> for immediate help.
     ...
    ettes/convexity.tex:350: Package xcolor Error: Undefined color `fgcolor'.
    
    See the xcolor package documentation for explanation.
    Type H <return> for immediate help.
     ...
    ettes/convexity.tex:355: Package xcolor Error: Undefined color `darkblue'.
    
    See the xcolor package documentation for explanation.
    Type H <return> for immediate help.
     ...
    ettes/convexity.tex:363: Package xcolor Error: Undefined color `fgcolor'.
    
    See the xcolor package documentation for explanation.
    Type H <return> for immediate help.
     ...
    ettes/convexity.tex:367: Package xcolor Error: Undefined color `darkblue'.
    
    See the xcolor package documentation for explanation.
    Type H <return> for immediate help.
     ...
    ettes/convexity.tex:386: Package xcolor Error: Undefined color `fgcolor'.
    
    See the xcolor package documentation for explanation.
    Type H <return> for immediate help.
     ...
    ettes/convexity.tex:390: Package xcolor Error: Undefined color `darkblue'.
    
    See the xcolor package documentation for explanation.
    Type H <return> for immediate help.
     ...
    ettes/convexity.tex:416: Package xcolor Error: Undefined color `fgcolor'.
    
    See the xcolor package documentation for explanation.
    Type H <return> for immediate help.
     ...
    ettes/convexity.tex:423: Package xcolor Error: Undefined color `darkblue'.
    
    See the xcolor package documentation for explanation.
    Type H <return> for immediate help.
     ...
    ettes/convexity.tex:433: Package xcolor Error: Undefined color `fgcolor'.
    
    See the xcolor package documentation for explanation.
    Type H <return> for immediate help.
     ...
    ettes/convexity.tex:455: Package xcolor Error: Undefined color `darkred'.
    
    See the xcolor package documentation for explanation.
    Type H <return> for immediate help.
     ...
    ettes/convexity.tex:461: Package xcolor Error: Undefined color `fgcolor'.
    
    See the xcolor package documentation for explanation.
    Type H <return> for immediate help.
     ...
    ettes/convexity.tex:466: Package xcolor Error: Undefined color `darkblue'.
    
    See the xcolor package documentation for explanation.
    Type H <return> for immediate help.
     ...
    ettes/convexity.tex:472: Package xcolor Error: Undefined color `darkblue'.
    
    See the xcolor package documentation for explanation.
    Type H <return> for immediate help.
     ...
    ettes/convexity.tex:491: Package xcolor Error: Undefined color `fgcolor'.
    
    See the xcolor package documentation for explanation.
    Type H <return> for immediate help.
     ...
    ettes/convexity.tex:495: Package xcolor Error: Undefined color `darkblue'.
    
    See the xcolor package documentation for explanation.
    Type H <return> for immediate help.
     ...
    ettes/convexity.tex:502: Package xcolor Error: Undefined color `fgcolor'.
    
    See the xcolor package documentation for explanation.
    Type H <return> for immediate help.
     ...
    ettes/convexity.tex:506: Package xcolor Error: Undefined color `darkblue'.
    
    See the xcolor package documentation for explanation.
    Type H <return> for immediate help.
     ...
    ettes/convexity.tex:512: Package xcolor Error: Undefined color `darkblue'.
    
    See the xcolor package documentation for explanation.
    Type H <return> for immediate help.
     ...
    ettes/convexity.tex:538: Package xcolor Error: Undefined color `fgcolor'.
    
    See the xcolor package documentation for explanation.
    Type H <return> for immediate help.
     ...
    ettes/convexity.tex:545: Package xcolor Error: Undefined color `darkblue'.
    
    See the xcolor package documentation for explanation.
    Type H <return> for immediate help.
     ...
    ettes/convexity.tex:554: Package xcolor Error: Undefined color `fgcolor'.
    
    See the xcolor package documentation for explanation.
    Type H <return> for immediate help.
     ...
    ettes/convexity.tex:588: Package xcolor Error: Undefined color `shadecolor'.
    
    See the xcolor package documentation for explanation.
    Type H <return> for immediate help.
     ...
    ettes/convexity.tex:603: Package xcolor Error: Undefined color `shadecolor'.
    
    See the xcolor package documentation for explanation.
    Type H <return> for immediate help.
     ...
    ettes/convexity.tex:603: Package xcolor Error: Undefined color `shadecolor'.
    
    See the xcolor package documentation for explanation.
    Type H <return> for immediate help.
     ...
    ettes/convexity.tex:603: Package xcolor Error: Undefined color `shadecolor'.
    
    See the xcolor package documentation for explanation.
    Type H <return> for immediate help.
     ...
    ettes/convexity.tex:603: Package xcolor Error: Undefined color `shadecolor'.
    
    See the xcolor package documentation for explanation.
    Type H <return> for immediate help.
     ...
    ettes/convexity.tex:603: Package xcolor Error: Undefined color `shadecolor'.
    
    See the xcolor package documentation for explanation.
    Type H <return> for immediate help.
     ...
    
    --- failed re-building 'convexity.rnw'
    
    --- re-building 'emulation.rnw' using knitr
    07:39:46.196 WARN colorSpec::product.colorSpec(). The returned matrix is ambiguous; because it depends on the splitting. Inspect the matrix carefully.
    07:39:46.209 WARN colorSpec::product.colorSpec(). The returned matrix is ambiguous; because it depends on the splitting. Inspect the matrix carefully.
    --- finished re-building 'emulation.rnw'
    
    --- re-building 'gallery.rnw' using knitr
    --- finished re-building 'gallery.rnw'
    
    --- re-building 'inversion.rnw' using knitr
    --- finished re-building 'inversion.rnw'
    
    --- re-building 'lens-aging.rnw' using knitr
    --- finished re-building 'lens-aging.rnw'
    
    --- re-building 'optimals.rnw' using knitr
    --- finished re-building 'optimals.rnw'
    
    SUMMARY: processing the following file failed:
     'convexity.rnw'
    
    Error: Vignette re-building failed.
    Execution halted
Flavor: r-devel-windows-x86_64-new-TK