Last updated on 2022-07-06 20:53:27 CEST.
Flavor | Version | Tinstall | Tcheck | Ttotal | Status | Flags |
---|---|---|---|---|---|---|
r-devel-linux-x86_64-debian-clang | 0.3.7 | 94.87 | 37.91 | 132.78 | NOTE | |
r-devel-linux-x86_64-debian-gcc | 0.3.7 | 76.27 | 29.42 | 105.69 | NOTE | |
r-devel-linux-x86_64-fedora-clang | 0.3.7 | 203.94 | NOTE | |||
r-devel-linux-x86_64-fedora-gcc | 0.3.7 | 181.34 | NOTE | |||
r-devel-windows-x86_64 | 0.3.7 | 416.00 | 95.00 | 511.00 | NOTE | |
r-patched-linux-x86_64 | 0.3.7 | 76.69 | 37.02 | 113.71 | NOTE | |
r-release-linux-x86_64 | 0.3.7 | 76.73 | 37.27 | 114.00 | NOTE | |
r-release-macos-arm64 | 0.3.7 | 44.00 | NOTE | |||
r-release-macos-x86_64 | 0.3.7 | 63.00 | NOTE | |||
r-release-windows-x86_64 | 0.3.7 | 413.00 | 100.00 | 513.00 | NOTE | |
r-oldrel-macos-arm64 | 0.3.7 | 51.00 | NOTE | |||
r-oldrel-macos-x86_64 | 0.3.7 | 90.00 | NOTE | |||
r-oldrel-windows-ix86+x86_64 | 0.3.7 | 218.00 | 98.00 | 316.00 | NOTE |
Version: 0.3.7
Check: LazyData
Result: NOTE
'LazyData' is specified without a 'data' directory
Flavors: r-devel-linux-x86_64-debian-clang, r-devel-linux-x86_64-debian-gcc, r-devel-linux-x86_64-fedora-clang, r-devel-linux-x86_64-fedora-gcc, r-devel-windows-x86_64, r-patched-linux-x86_64, r-release-linux-x86_64, r-release-macos-arm64, r-release-macos-x86_64, r-release-windows-x86_64, r-oldrel-macos-arm64, r-oldrel-macos-x86_64, r-oldrel-windows-ix86+x86_64
Version: 0.3.7
Check: installed package size
Result: NOTE
installed size is 5.6Mb
sub-directories of 1Mb or more:
libs 4.3Mb
Flavors: r-devel-linux-x86_64-fedora-clang, r-release-macos-arm64, r-release-macos-x86_64, r-oldrel-macos-arm64, r-oldrel-macos-x86_64