CRAN Package Check Results for Package combinat

Last updated on 2021-10-24 00:50:53 CEST.

Flavor Version Tinstall Tcheck Ttotal Status Flags
r-devel-linux-x86_64-debian-clang 0.0-8 2.25 20.13 22.38 NOTE
r-devel-linux-x86_64-debian-gcc 0.0-8 1.52 15.95 17.47 NOTE
r-devel-linux-x86_64-fedora-clang 0.0-8 38.94 NOTE
r-devel-linux-x86_64-fedora-gcc 0.0-8 28.55 NOTE
r-devel-windows-x86_64 0.0-8 3.00 34.00 37.00 NOTE
r-devel-windows-x86_64-gcc10-UCRT 0.0-8 NOTE
r-patched-linux-x86_64 0.0-8 2.22 20.10 22.32 NOTE
r-patched-solaris-x86 0.0-8 43.50 NOTE
r-release-linux-x86_64 0.0-8 2.21 20.05 22.26 NOTE
r-release-macos-arm64 0.0-8 NOTE
r-release-macos-x86_64 0.0-8 NOTE
r-release-windows-ix86+x86_64 0.0-8 4.00 25.00 29.00 NOTE
r-oldrel-macos-x86_64 0.0-8 NOTE
r-oldrel-windows-ix86+x86_64 0.0-8 4.00 24.00 28.00 NOTE

Check Details

Version: 0.0-8
Check: DESCRIPTION meta-information
Result: NOTE
    Malformed Description field: should contain one or more complete sentences.
Flavors: r-devel-linux-x86_64-debian-clang, r-devel-linux-x86_64-debian-gcc, r-devel-linux-x86_64-fedora-clang, r-devel-linux-x86_64-fedora-gcc, r-devel-windows-x86_64, r-devel-windows-x86_64-gcc10-UCRT, r-patched-linux-x86_64, r-patched-solaris-x86, r-release-linux-x86_64, r-release-macos-arm64, r-release-macos-x86_64, r-release-windows-ix86+x86_64, r-oldrel-macos-x86_64, r-oldrel-windows-ix86+x86_64