CRAN Package Check Results for Package compareGroups

Last updated on 2021-10-27 16:48:59 CEST.

Flavor Version Tinstall Tcheck Ttotal Status Flags
r-devel-linux-x86_64-debian-clang 4.5.1 22.48 210.22 232.70 OK
r-devel-linux-x86_64-debian-gcc 4.5.1 18.22 153.67 171.89 OK
r-devel-linux-x86_64-fedora-clang 4.5.1 283.44 OK
r-devel-linux-x86_64-fedora-gcc 4.5.1 268.73 OK
r-devel-windows-x86_64 4.5.1 35.00 264.00 299.00 OK
r-devel-windows-x86_64-gcc10-UCRT 4.5.1 OK
r-patched-linux-x86_64 4.5.1 22.18 198.72 220.90 OK
r-patched-solaris-x86 4.5.1 295.30 NOTE
r-release-linux-x86_64 4.5.1 20.67 199.37 220.04 OK
r-release-macos-arm64 4.5.1 OK
r-release-macos-x86_64 4.5.1 OK
r-release-windows-ix86+x86_64 4.5.1 33.00 269.00 302.00 OK
r-oldrel-macos-x86_64 4.5.1 OK
r-oldrel-windows-ix86+x86_64 4.5.1 48.00 264.00 312.00 OK

Check Details

Version: 4.5.1
Check: installed package size
Result: NOTE
     installed size is 5.3Mb
     sub-directories of 1Mb or more:
     doc 1.6Mb
     help 1.4Mb
Flavor: r-patched-solaris-x86