CRAN Package Check Results for Package completejourney

Last updated on 2021-11-29 15:51:08 CET.

Flavor Version Tinstall Tcheck Ttotal Status Flags
r-devel-linux-x86_64-debian-clang 1.1.0 10.64 52.91 63.55 OK
r-devel-linux-x86_64-debian-gcc 1.1.0 9.39 40.91 50.30 OK
r-devel-linux-x86_64-fedora-clang 1.1.0 88.81 OK
r-devel-linux-x86_64-fedora-gcc 1.1.0 76.53 OK
r-devel-windows-x86_64-new-UL 1.1.0 26.00 98.00 124.00 OK
r-devel-windows-x86_64-new-TK 1.1.0 OK
r-devel-windows-x86_64-old 1.1.0 21.00 58.00 79.00 OK
r-patched-linux-x86_64 1.1.0 11.41 48.82 60.23 OK
r-patched-solaris-x86 1.1.0 115.00 OK
r-release-linux-x86_64 1.1.0 11.02 49.46 60.48 OK
r-release-macos-arm64 1.1.0 NOTE
r-release-macos-x86_64 1.1.0 OK
r-release-windows-ix86+x86_64 1.1.0 26.00 74.00 100.00 OK
r-oldrel-macos-x86_64 1.1.0 OK
r-oldrel-windows-ix86+x86_64 1.1.0 18.00 65.00 83.00 OK

Check Details

Version: 1.1.0
Check: installed package size
Result: NOTE
     installed size is 5.2Mb
     sub-directories of 1Mb or more:
     data 4.9Mb
Flavor: r-release-macos-arm64