Last updated on 2023-12-02 11:49:22 CET.
Flavor | Version | Tinstall | Tcheck | Ttotal | Status | Flags |
---|---|---|---|---|---|---|
r-devel-linux-x86_64-debian-clang | 2.0-6 | 26.10 | 241.74 | 267.84 | NOTE | |
r-devel-linux-x86_64-debian-gcc | 2.0-6 | 21.65 | 183.83 | 205.48 | NOTE | |
r-devel-linux-x86_64-fedora-clang | 2.0-6 | 358.37 | OK | |||
r-devel-linux-x86_64-fedora-gcc | 2.0-6 | 361.50 | OK | |||
r-devel-windows-x86_64 | 2.0-6 | 27.00 | 261.00 | 288.00 | OK | |
r-patched-linux-x86_64 | 2.0-6 | 32.90 | 235.42 | 268.32 | OK | |
r-release-linux-x86_64 | 2.0-6 | 29.84 | 238.04 | 267.88 | OK | |
r-release-macos-arm64 | 2.0-6 | 102.00 | OK | |||
r-release-macos-x86_64 | 2.0-6 | 222.00 | OK | |||
r-release-windows-x86_64 | 2.0-6 | 35.00 | 303.00 | 338.00 | OK | |
r-oldrel-macos-arm64 | 2.0-6 | 96.00 | OK | |||
r-oldrel-macos-x86_64 | 2.0-6 | 122.00 | OK | |||
r-oldrel-windows-x86_64 | 2.0-6 | 34.00 | 305.00 | 339.00 | OK |
Version: 2.0-6
Check: Rd files
Result: NOTE
checkRd: (-1) CompLinModCo.Rd:34: Lost braces in \itemize; meant \describe ?
checkRd: (-1) CompLinModCo.Rd:35-36: Lost braces in \itemize; meant \describe ?
checkRd: (-1) CompLinModCo.Rd:37-38: Lost braces in \itemize; meant \describe ?
checkRd: (-1) CompLinModCo.Rd:39-40: Lost braces in \itemize; meant \describe ?
checkRd: (-1) CompLinModCo.Rd:41-42: Lost braces in \itemize; meant \describe ?
checkRd: (-1) CompLinModCo.Rd:43: Lost braces in \itemize; meant \describe ?
checkRd: (-1) CompLinModCo.Rd:44: Lost braces in \itemize; meant \describe ?
checkRd: (-1) Sediments.Rd:16: Lost braces in \itemize; meant \describe ?
checkRd: (-1) Sediments.Rd:17: Lost braces in \itemize; meant \describe ?
checkRd: (-1) Sediments.Rd:18: Lost braces in \itemize; meant \describe ?
checkRd: (-1) Sediments.Rd:19-20: Lost braces in \itemize; meant \describe ?
checkRd: (-1) SerumProtein.Rd:16: Lost braces in \itemize; meant \describe ?
checkRd: (-1) SerumProtein.Rd:17: Lost braces in \itemize; meant \describe ?
checkRd: (-1) SerumProtein.Rd:18: Lost braces in \itemize; meant \describe ?
checkRd: (-1) SerumProtein.Rd:19: Lost braces in \itemize; meant \describe ?
checkRd: (-1) SerumProtein.Rd:20: Lost braces in \itemize; meant \describe ?
checkRd: (-1) Supervisor.Rd:28: Lost braces in \itemize; meant \describe ?
checkRd: (-1) Supervisor.Rd:29: Lost braces in \itemize; meant \describe ?
checkRd: (-1) Supervisor.Rd:30: Lost braces in \itemize; meant \describe ?
checkRd: (-1) Supervisor.Rd:31: Lost braces in \itemize; meant \describe ?
checkRd: (-1) WhiteCells.Rd:9: Lost braces in \itemize; meant \describe ?
checkRd: (-1) WhiteCells.Rd:10: Lost braces in \itemize; meant \describe ?
checkRd: (-1) WhiteCells.Rd:11: Lost braces in \itemize; meant \describe ?
checkRd: (-1) codadendrogram.Rd:45: Lost braces in \itemize; meant \describe ?
checkRd: (-1) codadendrogram.Rd:46: Lost braces in \itemize; meant \describe ?
checkRd: (-1) codadendrogram.Rd:47: Lost braces in \itemize; meant \describe ?
checkRd: (-1) codadendrogram.Rd:48: Lost braces in \itemize; meant \describe ?
checkRd: (-1) compmiss.Rd:68-70: Lost braces in \itemize; meant \describe ?
checkRd: (-1) compmiss.Rd:71-73: Lost braces in \itemize; meant \describe ?
checkRd: (-1) compmiss.Rd:74-78: Lost braces in \itemize; meant \describe ?
checkRd: (-1) compmiss.Rd:79-83: Lost braces in \itemize; meant \describe ?
checkRd: (-1) compmiss.Rd:85-86: Lost braces in \itemize; meant \describe ?
checkRd: (-1) compmiss.Rd:87: Lost braces in \itemize; meant \describe ?
checkRd: (-1) compmiss.Rd:88: Lost braces in \itemize; meant \describe ?
checkRd: (-1) compmiss.Rd:137-140: Lost braces in \itemize; meant \describe ?
checkRd: (-1) compmiss.Rd:141-166: Lost braces in \itemize; meant \describe ?
checkRd: (-1) compmiss.Rd:167-170: Lost braces in \itemize; meant \describe ?
checkRd: (-1) ellipses.Rd:56-61: Lost braces in \itemize; meant \describe ?
checkRd: (-1) ellipses.Rd:62-69: Lost braces in \itemize; meant \describe ?
checkRd: (-1) ellipses.Rd:70-76: Lost braces in \itemize; meant \describe ?
checkRd: (-1) mixRead.Rd:25: Lost braces in \itemize; meant \describe ?
checkRd: (-1) mixRead.Rd:26: Lost braces in \itemize; meant \describe ?
checkRd: (-1) mixRead.Rd:27-28: Lost braces in \itemize; meant \describe ?
checkRd: (-1) outlierplot.Rd:90-96: Lost braces in \itemize; meant \describe ?
checkRd: (-1) outlierplot.Rd:97-106: Lost braces in \itemize; meant \describe ?
checkRd: (-1) outlierplot.Rd:110-117: Lost braces in \itemize; meant \describe ?
checkRd: (-1) outlierplot.Rd:118-132: Lost braces in \itemize; meant \describe ?
checkRd: (-1) outlierplot.Rd:133-156: Lost braces in \itemize; meant \describe ?
checkRd: (-1) outlierplot.Rd:157-162: Lost braces in \itemize; meant \describe ?
checkRd: (-1) outlierplot.Rd:163-169: Lost braces in \itemize; meant \describe ?
checkRd: (-1) outliers.Rd:25-46: Lost braces in \itemize; meant \describe ?
checkRd: (-1) outliers.Rd:47-58: Lost braces in \itemize; meant \describe ?
checkRd: (-1) outliers.Rd:59-73: Lost braces in \itemize; meant \describe ?
checkRd: (-1) outliers.Rd:74-89: Lost braces in \itemize; meant \describe ?
checkRd: (-1) outliers.Rd:90-99: Lost braces in \itemize; meant \describe ?
checkRd: (-1) outliers.Rd:100-109: Lost braces in \itemize; meant \describe ?
checkRd: (-1) print.Rd:29-30: Lost braces in \itemize; meant \describe ?
checkRd: (-1) print.Rd:31-33: Lost braces in \itemize; meant \describe ?
checkRd: (-1) print.Rd:34-35: Lost braces in \itemize; meant \describe ?
checkRd: (-1) print.Rd:36-37: Lost braces in \itemize; meant \describe ?
checkRd: (-1) print.Rd:38-41: Lost braces in \itemize; meant \describe ?
checkRd: (-1) print.Rd:42-43: Lost braces in \itemize; meant \describe ?
checkRd: (-1) raitchison.Rd:66: Lost braces in \itemize; \value handles \item{}{} directly
checkRd: (-1) raitchison.Rd:67: Lost braces in \itemize; \value handles \item{}{} directly
checkRd: (-1) raitchison.Rd:68: Lost braces in \itemize; \value handles \item{}{} directly
checkRd: (-1) raitchison.Rd:69: Lost braces in \itemize; \value handles \item{}{} directly
checkRd: (-1) raitchison.Rd:70: Lost braces in \itemize; \value handles \item{}{} directly
checkRd: (-1) raitchison.Rd:71-73: Lost braces in \itemize; \value handles \item{}{} directly
checkRd: (-1) raitchison.Rd:74-75: Lost braces in \itemize; \value handles \item{}{} directly
checkRd: (-1) raitchison.Rd:76-77: Lost braces in \itemize; \value handles \item{}{} directly
checkRd: (-1) raitchison.Rd:78-79: Lost braces in \itemize; \value handles \item{}{} directly
checkRd: (-1) raitchison.Rd:80-81: Lost braces in \itemize; \value handles \item{}{} directly
checkRd: (-1) readgeoeas.Rd:25: Lost braces in \itemize; meant \describe ?
checkRd: (-1) readgeoeas.Rd:26: Lost braces in \itemize; meant \describe ?
checkRd: (-1) readgeoeas.Rd:27: Lost braces in \itemize; meant \describe ?
checkRd: (-1) readgeoeas.Rd:28-29: Lost braces in \itemize; meant \describe ?
checkRd: (-1) robustness.Rd:35-37: Lost braces in \itemize; meant \describe ?
checkRd: (-1) robustness.Rd:38-40: Lost braces in \itemize; meant \describe ?
checkRd: (-1) robustness.Rd:41-42: Lost braces in \itemize; meant \describe ?
checkRd: (-1) robustness.Rd:43-45: Lost braces in \itemize; meant \describe ?
checkRd: (-1) simplemissingplot.Rd:17: Lost braces in \itemize; meant \describe ?
checkRd: (-1) simplemissingplot.Rd:18: Lost braces in \itemize; meant \describe ?
checkRd: (-1) simplemissingplot.Rd:19: Lost braces in \itemize; meant \describe ?
checkRd: (-1) simplemissingplot.Rd:20: Lost braces in \itemize; meant \describe ?
checkRd: (-1) variograms.Rd:41: Lost braces in \itemize; meant \describe ?
checkRd: (-1) variograms.Rd:42: Lost braces in \itemize; meant \describe ?
checkRd: (-1) variograms.Rd:43: Lost braces in \itemize; meant \describe ?
checkRd: (-1) variograms.Rd:44: Lost braces in \itemize; meant \describe ?
checkRd: (-1) variograms.Rd:45-46: Lost braces in \itemize; meant \describe ?
checkRd: (-1) variograms.Rd:47-48: Lost braces in \itemize; meant \describe ?
checkRd: (-1) variograms.Rd:49: Lost braces in \itemize; meant \describe ?
Flavors: r-devel-linux-x86_64-debian-clang, r-devel-linux-x86_64-debian-gcc