CRAN Package Check Results for Package conf

Last updated on 2024-07-25 13:46:18 CEST.

Flavor Version Tinstall Tcheck Ttotal Status Flags
r-devel-linux-x86_64-debian-clang 1.9.1 20.49 220.69 241.18 OK
r-devel-linux-x86_64-debian-gcc 1.9.1 13.38 155.87 169.25 NOTE
r-devel-linux-x86_64-fedora-clang 1.9.1 299.01 OK
r-devel-linux-x86_64-fedora-gcc 1.9.1 295.01 OK
r-devel-windows-x86_64 1.9.1 19.00 178.00 197.00 NOTE
r-patched-linux-x86_64 1.9.1 OK
r-release-linux-x86_64 1.9.1 22.53 204.91 227.44 OK
r-release-macos-arm64 1.9.1 92.00 OK
r-release-macos-x86_64 1.9.1 129.00 OK
r-release-windows-x86_64 1.9.1 16.00 174.00 190.00 OK
r-oldrel-macos-arm64 1.9.1 100.00 OK
r-oldrel-macos-x86_64 1.9.1 244.00 OK
r-oldrel-windows-x86_64 1.9.1 22.00 205.00 227.00 OK

Check Details

Version: 1.9.1
Check: Rd cross-references
Result: NOTE Found the following Rd file(s) with Rd \link{} targets missing package anchors: km.outcomes.Rd: survfit km.pmf.Rd: survfit km.support.Rd: survfit km.surv.Rd: survfit Please provide package anchors for all Rd \link{} targets not in the package itself and the base packages. Flavors: r-devel-linux-x86_64-debian-gcc, r-devel-windows-x86_64