CRAN Package Check Results for Package contourPlot

Last updated on 2024-05-19 08:53:35 CEST.

Flavor Version Tinstall Tcheck Ttotal Status Flags
r-devel-linux-x86_64-debian-clang 0.2.0 3.13 29.87 33.00 NOTE
r-devel-linux-x86_64-debian-gcc 0.2.0 2.26 23.31 25.57 NOTE
r-devel-linux-x86_64-fedora-clang 0.2.0 43.12 NOTE
r-devel-linux-x86_64-fedora-gcc 0.2.0 86.33 NOTE
r-devel-windows-x86_64 0.2.0 3.00 44.00 47.00 NOTE
r-patched-linux-x86_64 0.2.0 2.66 29.14 31.80 NOTE
r-release-linux-x86_64 0.2.0 2.51 28.80 31.31 NOTE
r-release-macos-arm64 0.2.0 17.00 NOTE
r-release-windows-x86_64 0.2.0 4.00 45.00 49.00 NOTE
r-oldrel-macos-arm64 0.2.0 21.00 NOTE
r-oldrel-macos-x86_64 0.2.0 23.00 NOTE
r-oldrel-windows-x86_64 0.2.0 4.00 46.00 50.00 NOTE

Check Details

Version: 0.2.0
Check: LazyData
Result: NOTE 'LazyData' is specified without a 'data' directory Flavors: r-devel-linux-x86_64-debian-clang, r-devel-linux-x86_64-debian-gcc, r-devel-linux-x86_64-fedora-clang, r-devel-linux-x86_64-fedora-gcc, r-devel-windows-x86_64, r-patched-linux-x86_64, r-release-linux-x86_64, r-release-macos-arm64, r-release-windows-x86_64, r-oldrel-macos-arm64, r-oldrel-macos-x86_64, r-oldrel-windows-x86_64