CRAN Package Check Results for Package corels

Last updated on 2023-03-28 16:51:40 CEST.

Flavor Version Tinstall Tcheck Ttotal Status Flags
r-devel-linux-x86_64-debian-clang 0.0.4 39.23 28.54 67.77 NOTE
r-devel-linux-x86_64-debian-gcc 0.0.4 30.46 22.50 52.96 NOTE
r-devel-linux-x86_64-fedora-clang 0.0.4 113.12 NOTE
r-devel-linux-x86_64-fedora-gcc 0.0.4 86.94 NOTE
r-patched-linux-x86_64 0.0.4 32.41 27.35 59.76 NOTE
r-release-linux-x86_64 0.0.4 34.41 28.92 63.33 OK
r-release-macos-arm64 0.0.4 35.00 NOTE
r-release-macos-x86_64 0.0.4 46.00 NOTE
r-release-windows-x86_64 0.0.4 50.00 82.00 132.00 OK
r-oldrel-macos-arm64 0.0.4 38.00 NOTE
r-oldrel-macos-x86_64 0.0.4 51.00 NOTE
r-oldrel-windows-ix86+x86_64 0.0.4 118.00 85.00 203.00 OK

Check Details

Version: 0.0.4
Check: C++ specification
Result: NOTE
     Specified C++11: please drop specification unless essential
Flavors: r-devel-linux-x86_64-debian-clang, r-devel-linux-x86_64-debian-gcc, r-devel-linux-x86_64-fedora-clang, r-devel-linux-x86_64-fedora-gcc, r-patched-linux-x86_64

Version: 0.0.4
Check: installed package size
Result: NOTE
     installed size is 5.5Mb
     sub-directories of 1Mb or more:
     libs 2.7Mb
     sample_data 2.6Mb
Flavors: r-release-macos-arm64, r-release-macos-x86_64, r-oldrel-macos-arm64, r-oldrel-macos-x86_64