CRAN Package Check Results for Package corlink

Last updated on 2023-10-03 17:05:51 CEST.

Flavor Version Tinstall Tcheck Ttotal Status Flags
r-devel-linux-x86_64-debian-clang 1.0.0 2.08 28.01 30.09 NOTE
r-devel-linux-x86_64-debian-gcc 1.0.0 2.40 21.39 23.79 NOTE
r-devel-linux-x86_64-fedora-clang 1.0.0 38.32 NOTE
r-devel-linux-x86_64-fedora-gcc 1.0.0 38.01 NOTE
r-devel-windows-x86_64 1.0.0 4.00 40.00 44.00 NOTE
r-patched-linux-x86_64 1.0.0 2.27 27.65 29.92 NOTE
r-release-linux-x86_64 1.0.0 2.88 27.66 30.54 NOTE
r-release-macos-arm64 1.0.0 18.00 NOTE
r-release-macos-x86_64 1.0.0 23.00 NOTE
r-release-windows-x86_64 1.0.0 4.00 45.00 49.00 NOTE
r-oldrel-macos-arm64 1.0.0 18.00 NOTE
r-oldrel-macos-x86_64 1.0.0 22.00 NOTE
r-oldrel-windows-x86_64 1.0.0 7.00 48.00 55.00 NOTE

Check Details

Version: 1.0.0
Check: LazyData
Result: NOTE
     'LazyData' is specified without a 'data' directory
Flavors: r-devel-linux-x86_64-debian-clang, r-devel-linux-x86_64-debian-gcc, r-devel-linux-x86_64-fedora-clang, r-devel-linux-x86_64-fedora-gcc, r-devel-windows-x86_64, r-patched-linux-x86_64, r-release-linux-x86_64, r-release-macos-arm64, r-release-macos-x86_64, r-release-windows-x86_64, r-oldrel-macos-arm64, r-oldrel-macos-x86_64, r-oldrel-windows-x86_64