Last updated on 2023-03-31 20:50:09 CEST.
Flavor | Version | Tinstall | Tcheck | Ttotal | Status | Flags |
---|---|---|---|---|---|---|
r-devel-linux-x86_64-debian-clang | 1.2.1 | 30.25 | 78.71 | 108.96 | NOTE | |
r-devel-linux-x86_64-debian-gcc | 1.2.1 | 20.46 | 64.02 | 84.48 | NOTE | |
r-devel-linux-x86_64-fedora-clang | 1.2.1 | 141.88 | NOTE | |||
r-devel-linux-x86_64-fedora-gcc | 1.2.1 | 140.75 | NOTE | |||
r-patched-linux-x86_64 | 1.2.1 | 22.80 | 79.40 | 102.20 | NOTE | |
r-release-linux-x86_64 | 1.2.1 | 18.47 | 78.15 | 96.62 | NOTE | |
r-release-macos-arm64 | 1.2.1 | 46.00 | NOTE | |||
r-release-macos-x86_64 | 1.2.1 | 64.00 | NOTE | |||
r-oldrel-macos-arm64 | 1.2.1 | 56.00 | NOTE | |||
r-oldrel-macos-x86_64 | 1.2.1 | 97.00 | NOTE |
Version: 1.2.1
Check: C++ specification
Result: NOTE
Specified C++11: please drop specification unless essential
Flavors: r-devel-linux-x86_64-debian-clang, r-devel-linux-x86_64-debian-gcc, r-devel-linux-x86_64-fedora-clang, r-devel-linux-x86_64-fedora-gcc, r-patched-linux-x86_64
Version: 1.2.1
Check: LazyData
Result: NOTE
'LazyData' is specified without a 'data' directory
Flavors: r-devel-linux-x86_64-debian-clang, r-devel-linux-x86_64-debian-gcc, r-devel-linux-x86_64-fedora-clang, r-devel-linux-x86_64-fedora-gcc, r-patched-linux-x86_64, r-release-linux-x86_64, r-release-macos-arm64, r-release-macos-x86_64, r-oldrel-macos-arm64, r-oldrel-macos-x86_64
Version: 1.2.1
Check: dependencies in R code
Result: NOTE
Namespace in Imports field not imported from: ‘data.table’
All declared Imports should be used.
Flavors: r-devel-linux-x86_64-fedora-clang, r-devel-linux-x86_64-fedora-gcc, r-release-macos-arm64, r-release-macos-x86_64, r-oldrel-macos-arm64, r-oldrel-macos-x86_64
Version: 1.2.1
Check: installed package size
Result: NOTE
installed size is 5.1Mb
sub-directories of 1Mb or more:
extdata 3.8Mb
Flavors: r-release-macos-arm64, r-release-macos-x86_64, r-oldrel-macos-arm64, r-oldrel-macos-x86_64