CRAN Package Check Results for Package corregp

Last updated on 2021-11-28 23:50:23 CET.

Flavor Version Tinstall Tcheck Ttotal Status Flags
r-devel-linux-x86_64-debian-clang 2.0.2 OK
r-devel-linux-x86_64-debian-gcc 2.0.2 4.73 50.29 55.02 OK
r-devel-linux-x86_64-fedora-clang 2.0.2 98.16 NOTE
r-devel-linux-x86_64-fedora-gcc 2.0.2 84.09 NOTE
r-devel-windows-x86_64-new-UL 2.0.2 15.00 117.00 132.00 OK
r-devel-windows-x86_64-new-TK 2.0.2 NOTE
r-devel-windows-x86_64-old 2.0.2 9.00 71.00 80.00 OK
r-patched-linux-x86_64 2.0.2 8.61 61.36 69.97 OK
r-patched-solaris-x86 2.0.2 110.40 NOTE
r-release-linux-x86_64 2.0.2 6.85 62.39 69.24 OK
r-release-macos-arm64 2.0.2 NOTE
r-release-macos-x86_64 2.0.2 NOTE
r-release-windows-ix86+x86_64 2.0.2 15.00 80.00 95.00 OK
r-oldrel-macos-x86_64 2.0.2 NOTE
r-oldrel-windows-ix86+x86_64 2.0.2 12.00 81.00 93.00 OK

Check Details

Version: 2.0.2
Check: data for non-ASCII characters
Result: NOTE
     Note: found 2 marked Latin-1 strings
Flavors: r-devel-linux-x86_64-fedora-clang, r-devel-linux-x86_64-fedora-gcc, r-devel-windows-x86_64-new-TK, r-patched-solaris-x86, r-release-macos-arm64, r-release-macos-x86_64, r-oldrel-macos-x86_64