CRAN Package Check Results for Package corrr

Last updated on 2021-10-27 16:49:00 CEST.

Flavor Version Tinstall Tcheck Ttotal Status Flags
r-devel-linux-x86_64-debian-clang 0.4.3 5.79 66.06 71.85 NOTE
r-devel-linux-x86_64-debian-gcc 0.4.3 3.71 50.17 53.88 NOTE
r-devel-linux-x86_64-fedora-clang 0.4.3 95.45 NOTE
r-devel-linux-x86_64-fedora-gcc 0.4.3 84.59 NOTE
r-devel-windows-x86_64 0.4.3 10.00 101.00 111.00 NOTE
r-devel-windows-x86_64-gcc10-UCRT 0.4.3 NOTE
r-patched-linux-x86_64 0.4.3 9.79 64.41 74.20 NOTE
r-patched-solaris-x86 0.4.3 111.00 NOTE
r-release-linux-x86_64 0.4.3 4.41 64.68 69.09 NOTE
r-release-macos-arm64 0.4.3 NOTE
r-release-macos-x86_64 0.4.3 NOTE
r-release-windows-ix86+x86_64 0.4.3 11.00 82.00 93.00 NOTE
r-oldrel-macos-x86_64 0.4.3 OK
r-oldrel-windows-ix86+x86_64 0.4.3 16.00 98.00 114.00 OK

Check Details

Version: 0.4.3
Check: LazyData
Result: NOTE
     'LazyData' is specified without a 'data' directory
Flavors: r-devel-linux-x86_64-debian-clang, r-devel-linux-x86_64-debian-gcc, r-devel-linux-x86_64-fedora-clang, r-devel-linux-x86_64-fedora-gcc, r-devel-windows-x86_64, r-devel-windows-x86_64-gcc10-UCRT, r-patched-linux-x86_64, r-patched-solaris-x86, r-release-linux-x86_64, r-release-macos-arm64, r-release-macos-x86_64, r-release-windows-ix86+x86_64