Last updated on 2023-06-06 21:00:50 CEST.
Flavor | Version | Tinstall | Tcheck | Ttotal | Status | Flags |
---|---|---|---|---|---|---|
r-devel-linux-x86_64-debian-clang | 1.0.7.1 | 3.12 | 46.52 | 49.64 | WARN | |
r-devel-linux-x86_64-debian-gcc | 1.0.7.1 | 2.55 | 34.99 | 37.54 | WARN | |
r-devel-linux-x86_64-fedora-clang | 1.0.7.1 | 63.49 | WARN | |||
r-devel-linux-x86_64-fedora-gcc | 1.0.7.1 | 57.43 | WARN | |||
r-devel-windows-x86_64 | 1.0.7.1 | 5.00 | 59.00 | 64.00 | WARN | |
r-patched-linux-x86_64 | 1.0.7.1 | 2.98 | 43.65 | 46.63 | OK | |
r-release-linux-x86_64 | 1.0.7.1 | 3.00 | 43.68 | 46.68 | OK | |
r-release-macos-arm64 | 1.0.7.1 | 25.00 | OK | |||
r-release-macos-x86_64 | 1.0.7.1 | 35.00 | OK | |||
r-release-windows-x86_64 | 1.0.7.1 | 8.00 | 64.00 | 72.00 | OK | |
r-oldrel-macos-arm64 | 1.0.7.1 | 20.00 | OK | |||
r-oldrel-macos-x86_64 | 1.0.7.1 | 29.00 | OK | |||
r-oldrel-windows-x86_64 | 1.0.7.1 | 6.00 | 65.00 | 71.00 | OK |
Version: 1.0.7.1
Check: whether the namespace can be loaded with stated dependencies
Result: WARN
Warning: S4 exports specified in ‘NAMESPACE’ but not defined in package ‘corx’
Flavors: r-devel-linux-x86_64-debian-clang, r-devel-linux-x86_64-debian-gcc, r-devel-linux-x86_64-fedora-clang, r-devel-linux-x86_64-fedora-gcc, r-devel-windows-x86_64