CRAN Package Check Results for Package cosmicsig

Last updated on 2024-06-12 20:58:52 CEST.

Flavor Version Tinstall Tcheck Ttotal Status Flags
r-devel-linux-x86_64-debian-clang 1.1.1 2.51 26.19 28.70 OK
r-devel-linux-x86_64-debian-gcc 1.1.1 2.46 21.14 23.60 ERROR
r-devel-linux-x86_64-fedora-clang 1.1.1 35.92 OK
r-devel-linux-x86_64-fedora-gcc 1.1.1 25.81 OK
r-devel-windows-x86_64 1.1.1 4.00 43.00 47.00 OK
r-patched-linux-x86_64 1.1.1 2.45 24.99 27.44 OK
r-release-linux-x86_64 1.1.1 3.11 24.65 27.76 OK
r-release-macos-arm64 1.1.1 16.00 OK
r-release-macos-x86_64 1.1.1 24.00 OK
r-release-windows-x86_64 1.1.1 3.00 44.00 47.00 OK
r-oldrel-macos-arm64 1.1.1 20.00 OK
r-oldrel-macos-x86_64 1.1.1 34.00 OK
r-oldrel-windows-x86_64 1.1.1 3.00 45.00 48.00 OK

Check Details

Version: 1.1.1
Check: package dependencies
Result: NOTE Packages suggested but not available for checking: 'testthat', 'ICAMS', 'usethis' Flavor: r-devel-linux-x86_64-debian-gcc

Version: 1.1.1
Check: tests
Result: ERROR Running ‘testthat.R’ [0s/1s] Running the tests in ‘tests/testthat.R’ failed. Complete output: > library(testthat) Error in library(testthat) : there is no package called 'testthat' Execution halted Flavor: r-devel-linux-x86_64-debian-gcc