CRAN Package Check Results for Package cosmoFns

Last updated on 2023-10-03 17:05:51 CEST.

Flavor Version Tinstall Tcheck Ttotal Status Flags
r-devel-linux-x86_64-debian-clang 1.1-1 2.32 22.77 25.09 NOTE
r-devel-linux-x86_64-debian-gcc 1.1-1 1.68 18.00 19.68 NOTE
r-devel-linux-x86_64-fedora-clang 1.1-1 30.74 NOTE
r-devel-linux-x86_64-fedora-gcc 1.1-1 30.10 NOTE
r-devel-windows-x86_64 1.1-1 4.00 39.00 43.00 NOTE
r-patched-linux-x86_64 1.1-1 2.71 22.30 25.01 NOTE
r-release-linux-x86_64 1.1-1 1.50 22.23 23.73 NOTE
r-release-macos-arm64 1.1-1 16.00 NOTE
r-release-macos-x86_64 1.1-1 18.00 NOTE
r-release-windows-x86_64 1.1-1 3.00 44.00 47.00 NOTE
r-oldrel-macos-arm64 1.1-1 16.00 OK
r-oldrel-macos-x86_64 1.1-1 22.00 OK
r-oldrel-windows-x86_64 1.1-1 24.00 44.00 68.00 OK

Check Details

Version: 1.1-1
Check: Rd files
Result: NOTE
    checkRd: (-1) cosmoFns-package.Rd:34: Escaped LaTeX specials: \&
Flavors: r-devel-linux-x86_64-debian-clang, r-devel-linux-x86_64-debian-gcc, r-devel-linux-x86_64-fedora-clang, r-devel-linux-x86_64-fedora-gcc, r-devel-windows-x86_64, r-patched-linux-x86_64, r-release-linux-x86_64, r-release-macos-arm64, r-release-macos-x86_64, r-release-windows-x86_64