Last updated on 2023-10-03 01:04:48 CEST.
Flavor | Version | Tinstall | Tcheck | Ttotal | Status | Flags |
---|---|---|---|---|---|---|
r-devel-linux-x86_64-debian-clang | 0.1.2 | 26.73 | 100.85 | 127.58 | OK | |
r-devel-linux-x86_64-debian-gcc | 0.1.2 | 16.23 | 75.09 | 91.32 | OK | |
r-devel-linux-x86_64-fedora-clang | 0.1.2 | 157.94 | OK | |||
r-devel-linux-x86_64-fedora-gcc | 0.1.2 | 163.22 | OK | |||
r-devel-windows-x86_64 | 0.1.2 | 21.00 | 95.00 | 116.00 | OK | |
r-patched-linux-x86_64 | 0.1.2 | 18.39 | 95.96 | 114.35 | OK | |
r-release-linux-x86_64 | 0.1.2 | 25.72 | 95.43 | 121.15 | OK | |
r-release-macos-arm64 | 0.1.2 | 51.00 | OK | |||
r-release-macos-x86_64 | 0.1.2 | 83.00 | NOTE | |||
r-release-windows-x86_64 | 0.1.2 | 27.00 | 114.00 | 141.00 | OK | |
r-oldrel-macos-arm64 | 0.1.2 | 36.00 | OK | |||
r-oldrel-macos-x86_64 | 0.1.2 | 63.00 | OK | |||
r-oldrel-windows-x86_64 | 0.1.2 | 28.00 | 109.00 | 137.00 | OK |
Version: 0.1.2
Check: package dependencies
Result: NOTE
Package suggested but not available for checking: ‘tidymodels’
Flavor: r-release-macos-x86_64