CRAN Package Check Results for Package covafillr

Last updated on 2021-10-24 20:50:59 CEST.

Flavor Version Tinstall Tcheck Ttotal Status Flags
r-devel-linux-x86_64-debian-clang 0.4.4 26.55 30.59 57.14 NOTE
r-devel-linux-x86_64-debian-gcc 0.4.4 21.63 25.20 46.83 NOTE
r-devel-linux-x86_64-fedora-clang 0.4.4 86.42 NOTE
r-devel-linux-x86_64-fedora-gcc 0.4.4 84.34 NOTE
r-devel-windows-x86_64 0.4.4 32.00 59.00 91.00 NOTE
r-devel-windows-x86_64-gcc10-UCRT 0.4.4 NOTE
r-patched-linux-x86_64 0.4.4 28.78 31.44 60.22 NOTE
r-patched-solaris-x86 0.4.4 83.10 NOTE
r-release-linux-x86_64 0.4.4 24.52 31.37 55.89 NOTE
r-release-macos-arm64 0.4.4 NOTE
r-release-macos-x86_64 0.4.4 NOTE
r-release-windows-ix86+x86_64 0.4.4 39.00 76.00 115.00 NOTE
r-oldrel-macos-x86_64 0.4.4 NOTE
r-oldrel-windows-ix86+x86_64 0.4.4 57.00 78.00 135.00 OK

Check Details

Version: 0.4.4
Check: LazyData
Result: NOTE
     'LazyData' is specified without a 'data' directory
Flavors: r-devel-linux-x86_64-debian-clang, r-devel-linux-x86_64-debian-gcc, r-devel-linux-x86_64-fedora-clang, r-devel-linux-x86_64-fedora-gcc, r-devel-windows-x86_64, r-devel-windows-x86_64-gcc10-UCRT, r-patched-linux-x86_64, r-patched-solaris-x86, r-release-linux-x86_64, r-release-macos-arm64, r-release-macos-x86_64, r-release-windows-ix86+x86_64

Version: 0.4.4
Check: installed package size
Result: NOTE
     installed size is 8.7Mb
     sub-directories of 1Mb or more:
     libs 8.0Mb
Flavors: r-devel-linux-x86_64-fedora-clang, r-release-macos-arm64, r-release-macos-x86_64, r-oldrel-macos-x86_64

Version: 0.4.4
Check: package dependencies
Result: NOTE
    Package suggested but not available for checking: ‘rjags’
Flavor: r-release-macos-arm64

Version: 0.4.4
Check: Rd cross-references
Result: NOTE
    Package unavailable to check Rd xrefs: ‘rjags’
Flavor: r-release-macos-arm64