CRAN Package Check Results for Package coveffectsplot

Last updated on 2021-12-09 07:50:08 CET.

Flavor Version Tinstall Tcheck Ttotal Status Flags
r-devel-linux-x86_64-debian-clang 0.0.9.1 3.44 226.07 229.51 OK
r-devel-linux-x86_64-debian-gcc 0.0.9.1 2.38 159.05 161.43 OK
r-devel-linux-x86_64-fedora-clang 0.0.9.1 270.42 NOTE
r-devel-linux-x86_64-fedora-gcc 0.0.9.1 253.27 NOTE
r-devel-windows-x86_64-new-UL 0.0.9.1 12.00 287.00 299.00 OK
r-devel-windows-x86_64-new-TK 0.0.9.1 NOTE
r-devel-windows-x86_64-old 0.0.9.1 8.00 269.00 277.00 OK
r-patched-linux-x86_64 0.0.9.1 3.20 212.14 215.34 OK
r-release-linux-x86_64 0.0.9.1 3.24 213.24 216.48 OK
r-release-macos-arm64 0.0.9.1 NOTE
r-release-macos-x86_64 0.0.9.1 NOTE
r-release-windows-ix86+x86_64 0.0.9.1 8.00 259.00 267.00 OK
r-oldrel-macos-x86_64 0.0.9.1 NOTE
r-oldrel-windows-ix86+x86_64 0.0.9.1 9.00 263.00 272.00 OK

Check Details

Version: 0.0.9.1
Check: dependencies in R code
Result: NOTE
    Namespaces in Imports field not imported from:
     ‘colourpicker’ ‘dplyr’ ‘markdown’ ‘shinyjs’ ‘table1’ ‘tidyr’
     All declared Imports should be used.
Flavors: r-devel-linux-x86_64-fedora-clang, r-devel-linux-x86_64-fedora-gcc, r-devel-windows-x86_64-new-TK, r-release-macos-arm64, r-release-macos-x86_64, r-oldrel-macos-x86_64