CRAN Package Check Results for Package covidregionaldata

Last updated on 2021-10-23 05:02:30 CEST.

Flavor Version Tinstall Tcheck Ttotal Status Flags
r-devel-linux-x86_64-debian-clang 0.9.2 26.31 234.90 261.21 OK
r-devel-linux-x86_64-debian-gcc 0.9.2 21.52 168.97 190.49 OK
r-devel-linux-x86_64-fedora-clang 0.9.2 303.27 NOTE
r-devel-linux-x86_64-fedora-gcc 0.9.2 296.89 NOTE
r-devel-windows-x86_64 0.9.2 40.00 375.00 415.00 OK
r-devel-windows-x86_64-gcc10-UCRT 0.9.2 NOTE
r-patched-linux-x86_64 0.9.2 26.27 220.92 247.19 OK
r-patched-solaris-x86 0.9.2 211.50 NOTE
r-release-linux-x86_64 0.9.2 19.79 221.57 241.36 OK
r-release-macos-arm64 0.9.2 NOTE
r-release-macos-x86_64 0.9.2 NOTE
r-release-windows-ix86+x86_64 0.9.2 31.00 245.00 276.00 OK
r-oldrel-macos-x86_64 0.9.2 NOTE
r-oldrel-windows-ix86+x86_64 0.9.2 45.00 346.00 391.00 OK

Check Details

Version: 0.9.2
Check: data for non-ASCII characters
Result: NOTE
     Note: found 200 marked UTF-8 strings
Flavors: r-devel-linux-x86_64-fedora-clang, r-devel-linux-x86_64-fedora-gcc, r-devel-windows-x86_64-gcc10-UCRT, r-patched-solaris-x86, r-release-macos-arm64, r-release-macos-x86_64, r-oldrel-macos-x86_64