CRAN Package Check Results for Package covsim

Last updated on 2023-03-21 11:53:45 CET.

Flavor Version Tinstall Tcheck Ttotal Status Flags
r-devel-linux-x86_64-debian-clang 1.0.0 3.36 213.20 216.56 OK
r-devel-linux-x86_64-debian-gcc 1.0.0 2.56 140.14 142.70 OK
r-devel-linux-x86_64-fedora-clang 1.0.0 259.95 NOTE
r-devel-linux-x86_64-fedora-gcc 1.0.0 260.89 NOTE
r-devel-windows-x86_64 1.0.0 10.00 163.00 173.00 OK
r-patched-linux-x86_64 1.0.0 3.43 220.87 224.30 OK
r-release-linux-x86_64 1.0.0 3.19 222.90 226.09 OK
r-release-macos-arm64 1.0.0 65.00 NOTE
r-release-macos-x86_64 1.0.0 87.00 NOTE
r-release-windows-x86_64 1.0.0 13.00 158.00 171.00 OK
r-oldrel-macos-arm64 1.0.0 74.00 NOTE
r-oldrel-macos-x86_64 1.0.0 82.00 NOTE
r-oldrel-windows-ix86+x86_64 1.0.0 7.00 175.00 182.00 OK

Check Details

Version: 1.0.0
Check: dependencies in R code
Result: NOTE
    Namespaces in Imports field not imported from:
     ‘Rcpp’ ‘gsl’
     All declared Imports should be used.
Flavors: r-devel-linux-x86_64-fedora-clang, r-devel-linux-x86_64-fedora-gcc, r-release-macos-arm64, r-release-macos-x86_64, r-oldrel-macos-arm64, r-oldrel-macos-x86_64