Last updated on 2023-06-03 04:55:47 CEST.
Flavor | Version | Tinstall | Tcheck | Ttotal | Status | Flags |
---|---|---|---|---|---|---|
r-devel-linux-x86_64-debian-clang | 0.1.4 | 4.05 | 124.30 | 128.35 | OK | |
r-devel-linux-x86_64-debian-gcc | 0.1.4 | 3.37 | 92.46 | 95.83 | OK | |
r-devel-linux-x86_64-fedora-clang | 0.1.4 | 160.66 | OK | |||
r-devel-linux-x86_64-fedora-gcc | 0.1.4 | 167.26 | OK | |||
r-devel-windows-x86_64 | 0.1.4 | 6.00 | 109.00 | 115.00 | OK | |
r-patched-linux-x86_64 | 0.1.4 | OK | ||||
r-release-linux-x86_64 | 0.1.4 | 4.14 | 115.07 | 119.21 | OK | |
r-release-macos-arm64 | 0.1.4 | 52.00 | OK | |||
r-release-macos-x86_64 | 0.1.4 | 82.00 | OK | |||
r-release-windows-x86_64 | 0.1.4 | 6.00 | 125.00 | 131.00 | OK | |
r-oldrel-macos-arm64 | 0.1.4 | 40.00 | OK | |||
r-oldrel-macos-x86_64 | 0.1.4 | 60.00 | NOTE | |||
r-oldrel-windows-x86_64 | 0.1.4 | 7.00 | 128.00 | 135.00 | OK |
Version: 0.1.4
Check: package dependencies
Result: NOTE
Package suggested but not available for checking: ‘BEST’
Flavor: r-oldrel-macos-x86_64