CRAN Package Check Results for Package cppRouting

Last updated on 2021-11-29 07:51:06 CET.

Flavor Version Tinstall Tcheck Ttotal Status Flags
r-devel-linux-x86_64-debian-clang 2.0 OK
r-devel-linux-x86_64-debian-gcc 2.0 168.97 26.04 195.01 OK
r-devel-linux-x86_64-fedora-clang 2.0 495.21 NOTE
r-devel-linux-x86_64-fedora-gcc 2.0 390.33 NOTE
r-devel-windows-x86_64-new-UL 2.0 327.00 101.00 428.00 OK
r-devel-windows-x86_64-new-TK 2.0 NOTE
r-devel-windows-x86_64-old 2.0 255.00 61.00 316.00 OK
r-patched-linux-x86_64 2.0 215.01 31.32 246.33 OK
r-patched-solaris-x86 2.0 316.20 NOTE
r-release-linux-x86_64 2.0 214.44 31.51 245.95 OK
r-release-macos-arm64 2.0 NOTE
r-release-macos-x86_64 2.0 NOTE
r-release-windows-ix86+x86_64 2.0 603.00 69.00 672.00 OK
r-oldrel-macos-x86_64 2.0 NOTE
r-oldrel-windows-ix86+x86_64 2.0 468.00 77.00 545.00 OK

Check Details

Version: 2.0
Check: installed package size
Result: NOTE
     installed size is 8.7Mb
     sub-directories of 1Mb or more:
     libs 8.5Mb
Flavors: r-devel-linux-x86_64-fedora-clang, r-release-macos-arm64, r-release-macos-x86_64, r-oldrel-macos-x86_64

Version: 2.0
Check: dependencies in R code
Result: NOTE
    Namespace in Imports field not imported from: ‘RcppProgress’
     All declared Imports should be used.
Flavors: r-devel-linux-x86_64-fedora-clang, r-devel-linux-x86_64-fedora-gcc, r-devel-windows-x86_64-new-TK, r-patched-solaris-x86, r-release-macos-arm64, r-release-macos-x86_64, r-oldrel-macos-x86_64