CRAN Package Check Results for Package crimCV

Last updated on 2021-09-21 04:55:00 CEST.

Flavor Version Tinstall Tcheck Ttotal Status Flags
r-devel-linux-x86_64-debian-clang 0.9.6 10.98 30.18 41.16 OK
r-devel-linux-x86_64-debian-gcc 0.9.6 9.14 22.84 31.98 OK
r-devel-linux-x86_64-fedora-clang 0.9.6 63.79 OK
r-devel-linux-x86_64-fedora-gcc 0.9.6 51.74 OK
r-devel-windows-x86_64 0.9.6 18.00 45.00 63.00 OK
r-devel-windows-x86_64-gcc10-UCRT 0.9.6 ERROR
r-patched-linux-x86_64 0.9.6 11.57 27.75 39.32 OK
r-patched-solaris-x86 0.9.6 75.50 OK
r-release-linux-x86_64 0.9.6 11.39 28.61 40.00 OK
r-release-macos-arm64 0.9.6 OK
r-release-macos-x86_64 0.9.6 OK
r-release-windows-ix86+x86_64 0.9.6 31.00 58.00 89.00 OK
r-oldrel-macos-x86_64 0.9.6 OK
r-oldrel-windows-ix86+x86_64 0.9.6 25.00 55.00 80.00 OK

Check Details

Version: 0.9.6
Check: whether package can be installed
Result: ERROR
    Installation failed.
Flavor: r-devel-windows-x86_64-gcc10-UCRT