CRAN Package Check Results for Package crispRdesignR

Last updated on 2024-02-24 07:51:20 CET.

Flavor Version Tinstall Tcheck Ttotal Status Flags
r-devel-linux-x86_64-debian-clang 1.1.7 6.10 64.21 70.31 OK
r-devel-linux-x86_64-debian-gcc 1.1.7 4.79 47.24 52.03 OK
r-devel-linux-x86_64-fedora-clang 1.1.7 94.17 NOTE
r-devel-linux-x86_64-fedora-gcc 1.1.7 92.18 NOTE
r-devel-windows-x86_64 1.1.7 7.00 65.00 72.00 OK
r-patched-linux-x86_64 1.1.7 6.24 63.42 69.66 OK
r-release-linux-x86_64 1.1.7 4.97 61.08 66.05 OK
r-release-macos-arm64 1.1.7 27.00 NOTE
r-release-macos-x86_64 1.1.7 73.00 NOTE
r-release-windows-x86_64 1.1.7 9.00 77.00 86.00 NOTE
r-oldrel-macos-arm64 1.1.7 29.00 NOTE
r-oldrel-windows-x86_64 1.1.7 10.00 78.00 88.00 NOTE

Check Details

Version: 1.1.7
Check: package dependencies
Result: NOTE Package suggested but not available for checking: ‘BSgenome.Scerevisiae.UCSC.sacCer3’ Flavors: r-devel-linux-x86_64-fedora-clang, r-devel-linux-x86_64-fedora-gcc, r-release-macos-arm64, r-release-macos-x86_64, r-release-windows-x86_64, r-oldrel-macos-arm64, r-oldrel-windows-x86_64

Version: 1.1.7
Check: dependencies in R code
Result: NOTE Namespaces in Imports field not imported from: ‘DT’ ‘gbm’ All declared Imports should be used. Flavors: r-devel-linux-x86_64-fedora-clang, r-devel-linux-x86_64-fedora-gcc