CRAN Package Check Results for Package crmPack

Last updated on 2021-10-27 13:07:55 CEST.

Flavor Version Tinstall Tcheck Ttotal Status Flags
r-devel-linux-x86_64-debian-clang 1.0.0 23.44 198.94 222.38 NOTE --no-vignettes
r-devel-linux-x86_64-debian-gcc 1.0.0 19.11 151.72 170.83 NOTE --no-vignettes
r-devel-linux-x86_64-fedora-clang 1.0.0 1508.81 OK
r-devel-linux-x86_64-fedora-gcc 1.0.0 1495.86 OK
r-devel-windows-x86_64 1.0.0 44.00 253.00 297.00 NOTE --no-vignettes
r-devel-windows-x86_64-gcc10-UCRT 1.0.0 OK
r-patched-linux-x86_64 1.0.0 28.91 186.02 214.93 NOTE --no-vignettes
r-patched-solaris-x86 1.0.0 325.90 OK --no-vignettes
r-release-linux-x86_64 1.0.0 20.57 186.69 207.26 NOTE --no-vignettes
r-release-macos-arm64 1.0.0 OK
r-release-macos-x86_64 1.0.0 OK
r-release-windows-ix86+x86_64 1.0.0 36.00 225.00 261.00 NOTE --no-vignettes
r-oldrel-macos-x86_64 1.0.0 OK
r-oldrel-windows-ix86+x86_64 1.0.0 51.00 234.00 285.00 NOTE --no-vignettes

Check Details

Version: 1.0.0
Flags: --no-vignettes
Check: package vignettes
Result: NOTE
    Package vignette with placeholder title 'Vignette Title':
     'guidelines.Rmd'
Flavors: r-devel-linux-x86_64-debian-clang, r-devel-linux-x86_64-debian-gcc, r-devel-windows-x86_64, r-patched-linux-x86_64, r-release-linux-x86_64, r-release-windows-ix86+x86_64, r-oldrel-windows-ix86+x86_64