CRAN Package Check Results for Package cropDemand

Last updated on 2022-01-18 03:52:09 CET.

Flavor Version Tinstall Tcheck Ttotal Status Flags
r-devel-linux-x86_64-debian-clang 1.0.1 28.84 241.07 269.91 NOTE
r-devel-linux-x86_64-debian-gcc 1.0.1 22.21 180.06 202.27 NOTE
r-devel-linux-x86_64-fedora-clang 1.0.1 321.09 NOTE
r-devel-linux-x86_64-fedora-gcc 1.0.1 307.46 NOTE
r-devel-windows-x86_64-new-UL 1.0.1 49.00 231.00 280.00 NOTE
r-devel-windows-x86_64-new-TK 1.0.1 NOTE
r-patched-linux-x86_64 1.0.1 25.59 227.20 252.79 NOTE
r-release-linux-x86_64 1.0.1 NOTE
r-release-macos-arm64 1.0.1 NOTE
r-release-macos-x86_64 1.0.1 NOTE
r-release-windows-ix86+x86_64 1.0.1 59.00 241.00 300.00 NOTE
r-oldrel-macos-x86_64 1.0.1 OK
r-oldrel-windows-ix86+x86_64 1.0.1 64.00 247.00 311.00 OK

Check Details

Version: 1.0.1
Check: LazyData
Result: NOTE
     'LazyData' is specified without a 'data' directory
Flavors: r-devel-linux-x86_64-debian-clang, r-devel-linux-x86_64-debian-gcc, r-devel-linux-x86_64-fedora-clang, r-devel-linux-x86_64-fedora-gcc, r-devel-windows-x86_64-new-UL, r-devel-windows-x86_64-new-TK, r-patched-linux-x86_64, r-release-linux-x86_64, r-release-macos-arm64, r-release-macos-x86_64, r-release-windows-ix86+x86_64