CRAN Package Check Results for Package csmaps

Last updated on 2023-09-21 16:57:47 CEST.

Flavor Version Tinstall Tcheck Ttotal Status Flags
r-devel-linux-x86_64-debian-clang 2023.5.22 6.59 77.33 83.92 OK
r-devel-linux-x86_64-debian-gcc 2023.5.22 6.95 56.52 63.47 OK
r-devel-linux-x86_64-fedora-clang 2023.5.22 101.31 NOTE
r-devel-linux-x86_64-fedora-gcc 2023.5.22 114.24 OK
r-devel-windows-x86_64 2023.5.22 8.00 82.00 90.00 NOTE
r-patched-linux-x86_64 2023.5.22 7.12 70.98 78.10 OK
r-release-linux-x86_64 2023.5.22 8.27 71.24 79.51 OK
r-release-macos-arm64 2023.5.22 45.00 NOTE
r-release-macos-x86_64 2023.5.22 133.00 NOTE
r-release-windows-x86_64 2023.5.22 11.00 91.00 102.00 NOTE
r-oldrel-macos-arm64 2023.5.22 57.00 NOTE
r-oldrel-macos-x86_64 2023.5.22 50.00 NOTE
r-oldrel-windows-x86_64 2023.5.22 13.00 93.00 106.00 NOTE

Check Details

Version: 2023.5.22
Check: installed package size
Result: NOTE
     installed size is 5.7Mb
     sub-directories of 1Mb or more:
     data 3.8Mb
     doc 1.6Mb
Flavors: r-devel-linux-x86_64-fedora-clang, r-devel-windows-x86_64, r-release-macos-arm64, r-release-macos-x86_64, r-release-windows-x86_64, r-oldrel-macos-arm64, r-oldrel-macos-x86_64, r-oldrel-windows-x86_64