Last updated on 2023-03-27 20:52:11 CEST.
Flavor | Version | Tinstall | Tcheck | Ttotal | Status | Flags |
---|---|---|---|---|---|---|
r-devel-linux-x86_64-debian-clang | 2.0 | 25.38 | 28.94 | 54.32 | NOTE | |
r-devel-linux-x86_64-debian-gcc | 2.0 | 19.27 | 22.40 | 41.67 | NOTE | |
r-devel-linux-x86_64-fedora-clang | 2.0 | 75.34 | NOTE | |||
r-devel-linux-x86_64-fedora-gcc | 2.0 | 67.43 | NOTE | |||
r-patched-linux-x86_64 | 2.0 | 20.41 | 27.62 | 48.03 | NOTE | |
r-release-linux-x86_64 | 2.0 | 22.27 | 28.99 | 51.26 | OK | |
r-release-macos-arm64 | 2.0 | 23.00 | OK | |||
r-release-macos-x86_64 | 2.0 | 32.00 | OK | |||
r-release-windows-x86_64 | 2.0 | 27.00 | 80.00 | 107.00 | OK | |
r-oldrel-macos-arm64 | 2.0 | 29.00 | OK | |||
r-oldrel-macos-x86_64 | 2.0 | 32.00 | OK | |||
r-oldrel-windows-ix86+x86_64 | 2.0 | 61.00 | 75.00 | 136.00 | OK |
Version: 2.0
Check: C++ specification
Result: NOTE
Specified C++11: please drop specification unless essential
Flavors: r-devel-linux-x86_64-debian-clang, r-devel-linux-x86_64-debian-gcc, r-devel-linux-x86_64-fedora-clang, r-devel-linux-x86_64-fedora-gcc, r-patched-linux-x86_64