CRAN Package Check Results for Package cvequality

Last updated on 2022-01-22 11:50:56 CET.

Flavor Version Tinstall Tcheck Ttotal Status Flags
r-devel-linux-x86_64-debian-clang 0.2.0 2.27 56.89 59.16 NOTE
r-devel-linux-x86_64-debian-gcc 0.2.0 1.56 43.42 44.98 NOTE
r-devel-linux-x86_64-fedora-clang 0.2.0 72.46 NOTE
r-devel-linux-x86_64-fedora-gcc 0.2.0 61.16 NOTE
r-devel-windows-x86_64-new-UL 0.2.0 31.00 78.00 109.00 NOTE
r-devel-windows-x86_64-new-TK 0.2.0 NOTE
r-patched-linux-x86_64 0.2.0 2.16 56.01 58.17 NOTE
r-release-linux-x86_64 0.2.0 1.84 56.20 58.04 NOTE
r-release-macos-arm64 0.2.0 NOTE
r-release-macos-x86_64 0.2.0 NOTE
r-release-windows-ix86+x86_64 0.2.0 5.00 66.00 71.00 NOTE
r-oldrel-macos-x86_64 0.2.0 OK
r-oldrel-windows-ix86+x86_64 0.2.0 6.00 66.00 72.00 OK

Check Details

Version: 0.2.0
Check: LazyData
Result: NOTE
     'LazyData' is specified without a 'data' directory
Flavors: r-devel-linux-x86_64-debian-clang, r-devel-linux-x86_64-debian-gcc, r-devel-linux-x86_64-fedora-clang, r-devel-linux-x86_64-fedora-gcc, r-devel-windows-x86_64-new-UL, r-devel-windows-x86_64-new-TK, r-patched-linux-x86_64, r-release-linux-x86_64, r-release-macos-arm64, r-release-macos-x86_64, r-release-windows-ix86+x86_64