CRAN Package Check Results for Package cvsem

Last updated on 2024-06-12 20:58:52 CEST.

Flavor Version Tinstall Tcheck Ttotal Status Flags
r-devel-linux-x86_64-debian-clang 1.0.0 1.55 29.64 31.19 OK
r-devel-linux-x86_64-debian-gcc 1.0.0 2.02 22.18 24.20 NOTE
r-devel-linux-x86_64-fedora-clang 1.0.0 40.29 OK
r-devel-linux-x86_64-fedora-gcc 1.0.0 37.54 OK
r-devel-windows-x86_64 1.0.0 3.00 43.00 46.00 OK
r-patched-linux-x86_64 1.0.0 2.02 28.32 30.34 OK
r-release-linux-x86_64 1.0.0 2.23 28.10 30.33 OK
r-release-macos-arm64 1.0.0 17.00 OK
r-release-macos-x86_64 1.0.0 24.00 OK
r-release-windows-x86_64 1.0.0 3.00 44.00 47.00 OK
r-oldrel-macos-arm64 1.0.0 18.00 OK
r-oldrel-macos-x86_64 1.0.0 23.00 OK
r-oldrel-windows-x86_64 1.0.0 4.00 48.00 52.00 OK

Check Details

Version: 1.0.0
Check: package dependencies
Result: NOTE Package suggested but not available for checking: ‘testthat’ Flavor: r-devel-linux-x86_64-debian-gcc